{"id":98,"date":"2013-06-26T19:24:18","date_gmt":"2013-06-26T17:24:18","guid":{"rendered":"http:\/\/www.dpsgulm.phibro.de\/wordpress\/?page_id=98"},"modified":"2026-03-24T20:22:33","modified_gmt":"2026-03-24T19:22:33","slug":"fort-albeck-unser-quartier","status":"publish","type":"page","link":"https:\/\/www.dpsg-ulm.de\/wordpress\/fort-albeck-unser-quartier\/","title":{"rendered":"Fort Albeck &#8211; Unser Heim"},"content":{"rendered":"<p>Anfahrt:<\/p>\n<p>Mit dem Bus <strong>Linie 4<\/strong>, Fahrtrichtung &#8222;<strong>B\u00f6fingen S\u00fcd<\/strong>&#8220; bzw. <strong>Linie 15<\/strong>, Fahrtrichtung &#8222;<strong>Science Park III<\/strong>&#8222;, Haltestelle &#8222;<strong>Albecker Steige&#8220;<\/strong>, die <strong>Heidenheimer Stra\u00dfe<\/strong> queren (Fu\u00dfg\u00e4ngerampel), die <strong>Albecker Steige<\/strong> weiter, die erste Stra\u00dfe rechts abbiegen und den Hang hinauf (Wegweiser <strong>Fort Albeck<\/strong>).<\/p>\n<p>Bei der Gegenrichtung (<strong>Linie 4<\/strong> &#8211; Fahrtrichtung <strong>&#8222;Wiblingen&#8220;<\/strong>; <strong>Linie 15<\/strong> &#8211; Fahrtrichtung <strong>&#8222;Willy-Brandt-Platz&#8220;<\/strong>) Haltestelle <strong>&#8222;Albecker Steige&#8220;<\/strong>, rechts aussteigen, entgegen der allgemeinen Fahrrichtung den Berg hoch, <strong>erste&nbsp;Stra\u00dfe von links<\/strong> Albecker Steige &#8211; Rest wie oben<\/p>\n<p>Livemonitor der n\u00e4chstliegenden Bushaltestelle:<br \/>\n<iframe src=\"https:\/\/h.fs-et.de\/1061\"><span style=\"display: inline-block; width: 0px; overflow: hidden; line-height: 0;\" data-mce-type=\"bookmark\" class=\"mce_SELRES_start\">\ufeff<\/span> <\/iframe><br \/>\nOder bei Google in die Suche &#8220; 48.415188, 10.001286 &#8220; eingeben.<iframe loading=\"lazy\" style=\"border: 0;\" src=\"https:\/\/www.google.com\/maps\/embed?pb=!1m18!1m12!1m3!1d2648.1539858136334!2d9.999097315248596!3d48.415187979246596!2m3!1f0!2f0!3f0!3m2!1i1024!2i768!4f13.1!3m3!1m2!1s0x0%3A0x0!2zNDjCsDI0JzU0LjciTiAxMMKwMDAnMDQuNiJF!5e0!3m2!1sde!2sde!4v1499797728431\" width=\"600\" height=\"450\" frameborder=\"0\" allowfullscreen=\"allowfullscreen\"><\/iframe><\/p>\n<p>&nbsp;<\/p>\n<p>&nbsp;<\/p>\n<p><strong>Werk XXXIX (Fort Albeck) der Bundesfestung Ulm<\/strong><\/p>\n<table border=\"0\">\n<tbody>\n<tr>\n<td style=\"text-align: left;\"><strong>Erbauer<\/strong><\/td>\n<td style=\"text-align: left;\">K\u00f6niglich-w\u00fcrttembergischer Oberleutnant Zimmerle unter Mitwirkung des k.u.k. (kaiserlich und k\u00f6niglichen) \u00f6sterreichischen Oberleutnants Becher<\/td>\n<\/tr>\n<tr>\n<td style=\"text-align: left;\"><strong>Bauzeit<\/strong><\/td>\n<td style=\"text-align: left;\">13 Jahre von 1846 bis 1859<\/td>\n<\/tr>\n<tr>\n<td style=\"text-align: left;\"><strong>Eigent\u00fcmer<\/strong><\/td>\n<td style=\"text-align: left;\">Reduit: Stadt Ulm<br \/>\n\u00dcbrige Anlage: Bundesrepublik Deutschland<\/td>\n<\/tr>\n<tr>\n<td style=\"text-align: left;\"><strong><strong>Baudenkmal <\/strong><\/strong><\/td>\n<td style=\"text-align: left;\">seit 1960<\/td>\n<\/tr>\n<tr>\n<td style=\"text-align: left;\"><strong><strong>542 Meter \u00fcber NN<\/strong><\/strong><\/td>\n<td style=\"text-align: left;\">&nbsp;<\/td>\n<\/tr>\n<\/tbody>\n<\/table>\n<div style=\"width: 250px\" class=\"wp-caption alignleft\"><a class=\"ngg-fancybox\" title=\" \" href=\"https:\/\/www.dpsg-ulm.de\/wordpress\/wp-content\/gallery\/spatzenweiher\/20201013_174547.jpg\" target=\"_blank\" rel=\"noopener noreferrer\" data-image-id=\"464\" data-src=\"https:\/\/www.dpsg-ulm.de\/wordpress\/wp-content\/gallery\/spatzenweiher\/20201013_174547.jpg\" data-thumbnail=\"https:\/\/www.dpsg-ulm.de\/wordpress\/wp-content\/gallery\/spatzenweiher\/thumbs\/thumbs_20201013_174547.jpg\" data-title=\"20201013_174547\" data-description=\" \"><img loading=\"lazy\" decoding=\"async\" class=\"ngg-singlepic ngg-right\" src=\"https:\/\/www.dpsg-ulm.de\/wordpress\/wp-content\/gallery\/spatzenweiher\/thumbs\/thumbs_20201013_174547.jpg\" alt=\"20201013_174547\" width=\"240\" height=\"160\"><\/a><p class=\"wp-caption-text\">Foto: Christian Pubanz | DPSG Stamm Saint-Exup\u00e9ry Ulm<\/p><\/div>\n<p style=\"text-align: left;\" align=\"justify\">Das Fort Albeck geh\u00f6rt zur Bundesfestung Ulm, der gr\u00f6\u00dften Festungsanlage Europas.<\/p>\n<p>Mit einer Ausdehnung von 390 x 210 Meter geh\u00f6rt es zu den gro\u00dfen Forts der Festung Ulm. Das Fort hatte, zusammen mit dem Nebenwerk Fort Safranturm (dieses befindet sich \u00f6stlich des Forts Albeck), die Aufgabe, die Stadt nach Westen, Norden und gegen die Donau hin zu verteidigen.<\/p>\n<div style=\"width: 250px\" class=\"wp-caption alignright\"><a class=\"ngg-fancybox\" title=\" \" href=\"https:\/\/www.dpsg-ulm.de\/wordpress\/wp-content\/gallery\/spatzenweiher\/20201013_174728.jpg\" target=\"_blank\" rel=\"noopener noreferrer\" data-image-id=\"465\" data-src=\"https:\/\/www.dpsg-ulm.de\/wordpress\/wp-content\/gallery\/spatzenweiher\/20201013_174728.jpg\" data-thumbnail=\"https:\/\/www.dpsg-ulm.de\/wordpress\/wp-content\/gallery\/spatzenweiher\/thumbs\/thumbs_20201013_174728.jpg\" data-title=\"20201013_174728\" data-description=\" \"><img loading=\"lazy\" decoding=\"async\" class=\"ngg-singlepic ngg-none\" src=\"https:\/\/www.dpsg-ulm.de\/wordpress\/wp-content\/gallery\/spatzenweiher\/thumbs\/thumbs_20201013_174728.jpg\" alt=\"20201013_174728\" width=\"240\" height=\"160\"><\/a><p class=\"wp-caption-text\">Foto: Christian Pubanz | DPSG Stamm Saint-Exup\u00e9ry Ulm<\/p><\/div>\n<p align=\"justify\">970 Mann Besatzung fanden Unterkunft in den Kasematten, vor allem in den Wohnkasematten des elegant geschwungenen dreist\u00f6ckigen Bogenreduits, das als Verteidigungskaserne eingerichtet war. Das erdbedeckte Dach des Reduits, das \u00fcber eine au\u00dfen angebrachte eiserne Treppe zu erreichen ist, konnte als Verteidigungsplattform eingerichtet werden.<\/p>\n<p align=\"justify\">Bis zum Ende des zweiten Weltkrieges diente das Fort milit\u00e4rischen Zwecken. Nach dem Krieg war das Reduit \u00fcber viele Jahre hinweg Notquartier f\u00fcr obdachlose Familien und Einzelpersonen. Erst im Februar 1974 hat der letzte Mieter das Fort verlassen.<\/p>\n<div style=\"width: 250px\" class=\"wp-caption alignleft\"><a class=\"ngg-fancybox\" title=\" \" href=\"https:\/\/www.dpsg-ulm.de\/wordpress\/wp-content\/gallery\/spatzenweiher\/Forttuer_lackiert.jpg\" target=\"_blank\" rel=\"noopener noreferrer\" data-image-id=\"431\" data-src=\"https:\/\/www.dpsg-ulm.de\/wordpress\/wp-content\/gallery\/spatzenweiher\/Forttuer_lackiert.jpg\" data-thumbnail=\"https:\/\/www.dpsg-ulm.de\/wordpress\/wp-content\/gallery\/spatzenweiher\/thumbs\/thumbs_Forttuer_lackiert.jpg\" data-title=\"Forttuer_lackiert\" data-description=\" \"><img loading=\"lazy\" decoding=\"async\" class=\"ngg-singlepic ngg-none\" src=\"https:\/\/www.dpsg-ulm.de\/wordpress\/wp-content\/gallery\/spatzenweiher\/thumbs\/thumbs_Forttuer_lackiert.jpg\" alt=\"\" width=\"240\" height=\"160\"><\/a><p class=\"wp-caption-text\">Foto: Adrian Balint | DPSG Stamm Saint-Exup\u00e9ry Ulm<\/p><\/div>\n<p align=\"justify\">1977\/78 renovierte die Stadt Ulm das Reduit. Dies geschah unter tatkr\u00e4ftiger Unterst\u00fctzung mehrerer Jugendgruppen, die heute das Erdgeschoss bev\u00f6lkern.<\/p>\n<p align=\"justify\">Quelle: Die Bundesfestung Ulm von Ottmar Sch\u00e4uffelen.<\/p>\n<p>Mehr \u00fcber die Bundesfestung Ulm gibt es unter <a href=\"http:\/\/www.bundesfestung-ulm.de\/\" target=\"_blank\" rel=\"noopener noreferrer\">www.bundesfestung-ulm.de<\/a><\/p>\n<p>&nbsp;<\/p>\n<p>&nbsp;<\/p>\n<p>&nbsp;<\/p>\n<p>Mehr Infomationen, Hintergr\u00fcnde und Anekdoten \u00fcber unsere R\u00e4umlichkeiten gibt es hier:<\/p>\n<div class='w3eden'><!-- WPDM Link Template: Default Template -->\n\n<div class=\"link-template-default card mb-2\">\n    <div class=\"card-body\">\n        <div class=\"media\">\n            <div class=\"mr-3 img-48\"><img decoding=\"async\" class=\"wpdm_icon\" alt=\"Icon\"   src=\"https:\/\/www.dpsg-ulm.de\/wordpress\/wp-content\/plugins\/download-manager\/assets\/file-type-icons\/pdf.png\" \/><\/div>\n            <div class=\"media-body\">\n                <h3 class=\"package-title\"><a href='https:\/\/www.dpsg-ulm.de\/wordpress\/download\/wie-unser-stamm-zu-seinem-pfadfinderheim-im-reduit-des-forts-albeck-kam-von-tommy-hartmann-oktober-2021\/'>Wie unser Stamm zu seinem Pfadfinderheim im Reduit des Forts Albeck kam (von Tommy Hartmann +2026) Oktober 2021<\/a><\/h3>\n                <div class=\"text-muted text-small\"><i class=\"fas fa-copy\"><\/i> 1 Datei(en) <i class=\"fas fa-hdd ml-3\"><\/i> 448 kB<\/div>\n            <\/div>\n            <div class=\"ml-3\">\n                <a class='wpdm-download-link download-on-click btn btn-primary ' rel='nofollow' href='#' data-downloadurl=\"https:\/\/www.dpsg-ulm.de\/wordpress\/download\/wie-unser-stamm-zu-seinem-pfadfinderheim-im-reduit-des-forts-albeck-kam-von-tommy-hartmann-oktober-2021\/?wpdmdl=4099&refresh=69f38024d44b51777565732\">Download<\/a>\n            <\/div>\n        <\/div>\n    <\/div>\n<\/div>\n\n<\/div>\n","protected":false},"excerpt":{"rendered":"<p>Anfahrt: Mit dem Bus Linie 4, Fahrtrichtung &#8222;B\u00f6fingen S\u00fcd&#8220; bzw. Linie 15, Fahrtrichtung &#8222;Science Park III&#8222;, Haltestelle &#8222;Albecker Steige&#8220;, die Heidenheimer Stra\u00dfe queren (Fu\u00dfg\u00e4ngerampel), die Albecker Steige weiter, die erste Stra\u00dfe rechts abbiegen und den Hang hinauf (Wegweiser Fort Albeck). Bei der Gegenrichtung (Linie 4 &#8211; Fahrtrichtung &#8222;Wiblingen&#8220;; Linie 15 &#8211; Fahrtrichtung &#8222;Willy-Brandt-Platz&#8220;) Haltestelle &#8222;Albecker&#8230;<\/p>\n","protected":false},"author":3,"featured_media":0,"parent":0,"menu_order":5,"comment_status":"closed","ping_status":"closed","template":"","meta":{"ngg_post_thumbnail":0,"footnotes":""},"class_list":["post-98","page","type-page","status-publish","hentry"],"_links":{"self":[{"href":"https:\/\/www.dpsg-ulm.de\/wordpress\/wp-json\/wp\/v2\/pages\/98","targetHints":{"allow":["GET"]}}],"collection":[{"href":"https:\/\/www.dpsg-ulm.de\/wordpress\/wp-json\/wp\/v2\/pages"}],"about":[{"href":"https:\/\/www.dpsg-ulm.de\/wordpress\/wp-json\/wp\/v2\/types\/page"}],"author":[{"embeddable":true,"href":"https:\/\/www.dpsg-ulm.de\/wordpress\/wp-json\/wp\/v2\/users\/3"}],"replies":[{"embeddable":true,"href":"https:\/\/www.dpsg-ulm.de\/wordpress\/wp-json\/wp\/v2\/comments?post=98"}],"version-history":[{"count":40,"href":"https:\/\/www.dpsg-ulm.de\/wordpress\/wp-json\/wp\/v2\/pages\/98\/revisions"}],"predecessor-version":[{"id":4785,"href":"https:\/\/www.dpsg-ulm.de\/wordpress\/wp-json\/wp\/v2\/pages\/98\/revisions\/4785"}],"wp:attachment":[{"href":"https:\/\/www.dpsg-ulm.de\/wordpress\/wp-json\/wp\/v2\/media?parent=98"}],"curies":[{"name":"wp","href":"https:\/\/api.w.org\/{rel}","templated":true}]}}

<p>Anfahrt:</p>
<p>Mit dem Bus <strong>Linie 4</strong>, Fahrtrichtung &#8222;<strong>Böfingen Süd</strong>&#8220; bzw. <strong>Linie 15</strong>, Fahrtrichtung &#8222;<strong>Science Park III</strong>&#8222;, Haltestelle &#8222;<strong>Albecker Steige&#8220;</strong>, die <strong>Heidenheimer Straße</strong> queren (Fußgängerampel), die <strong>Albecker Steige</strong> weiter, die erste Straße rechts abbiegen und den Hang hinauf (Wegweiser <strong>Fort Albeck</strong>).</p>
<p>Bei der Gegenrichtung (<strong>Linie 4</strong> &#8211; Fahrtrichtung <strong>&#8222;Wiblingen&#8220;</strong>; <strong>Linie 15</strong> &#8211; Fahrtrichtung <strong>&#8222;Willy-Brandt-Platz&#8220;</strong>) Haltestelle <strong>&#8222;Albecker Steige&#8220;</strong>, rechts aussteigen, entgegen der allgemeinen Fahrrichtung den Berg hoch, <strong>erste&nbsp;Straße von links</strong> Albecker Steige &#8211; Rest wie oben</p>
<p>Livemonitor der nächstliegenden Bushaltestelle:<br />
<iframe src="https://h.fs-et.de/1061"><span style="display: inline-block; width: 0px; overflow: hidden; line-height: 0;" data-mce-type="bookmark" class="mce_SELRES_start">﻿</span> </iframe><br />
Oder bei Google in die Suche &#8220; 48.415188, 10.001286 &#8220; eingeben.<iframe loading="lazy" style="border: 0;" src="https://www.google.com/maps/embed?pb=!1m18!1m12!1m3!1d2648.1539858136334!2d9.999097315248596!3d48.415187979246596!2m3!1f0!2f0!3f0!3m2!1i1024!2i768!4f13.1!3m3!1m2!1s0x0%3A0x0!2zNDjCsDI0JzU0LjciTiAxMMKwMDAnMDQuNiJF!5e0!3m2!1sde!2sde!4v1499797728431" width="600" height="450" frameborder="0" allowfullscreen="allowfullscreen"></iframe></p>
<p>&nbsp;</p>
<p>&nbsp;</p>
<p><strong>Werk XXXIX (Fort Albeck) der Bundesfestung Ulm</strong></p>
<table border="0">
<tbody>
<tr>
<td style="text-align: left;"><strong>Erbauer</strong></td>
<td style="text-align: left;">Königlich-württembergischer Oberleutnant Zimmerle unter Mitwirkung des k.u.k. (kaiserlich und königlichen) österreichischen Oberleutnants Becher</td>
</tr>
<tr>
<td style="text-align: left;"><strong>Bauzeit</strong></td>
<td style="text-align: left;">13 Jahre von 1846 bis 1859</td>
</tr>
<tr>
<td style="text-align: left;"><strong>Eigentümer</strong></td>
<td style="text-align: left;">Reduit: Stadt Ulm<br />
Übrige Anlage: Bundesrepublik Deutschland</td>
</tr>
<tr>
<td style="text-align: left;"><strong><strong>Baudenkmal </strong></strong></td>
<td style="text-align: left;">seit 1960</td>
</tr>
<tr>
<td style="text-align: left;"><strong><strong>542 Meter über NN</strong></strong></td>
<td style="text-align: left;">&nbsp;</td>
</tr>
</tbody>
</table>
<div style="width: 250px" class="wp-caption alignleft"><a class="ngg-fancybox" title=" " href="https://www.dpsg-ulm.de/wordpress/wp-content/gallery/spatzenweiher/20201013_174547.jpg" target="_blank" rel="noopener noreferrer" data-image-id="464" data-src="https://www.dpsg-ulm.de/wordpress/wp-content/gallery/spatzenweiher/20201013_174547.jpg" data-thumbnail="https://www.dpsg-ulm.de/wordpress/wp-content/gallery/spatzenweiher/thumbs/thumbs_20201013_174547.jpg" data-title="20201013_174547" data-description=" "><img loading="lazy" decoding="async" class="ngg-singlepic ngg-right" src="https://www.dpsg-ulm.de/wordpress/wp-content/gallery/spatzenweiher/thumbs/thumbs_20201013_174547.jpg" alt="20201013_174547" width="240" height="160"></a><p class="wp-caption-text">Foto: Christian Pubanz | DPSG Stamm Saint-Exupéry Ulm</p></div>
<p style="text-align: left;" align="justify">Das Fort Albeck gehört zur Bundesfestung Ulm, der größten Festungsanlage Europas.</p>
<p>Mit einer Ausdehnung von 390 x 210 Meter gehört es zu den großen Forts der Festung Ulm. Das Fort hatte, zusammen mit dem Nebenwerk Fort Safranturm (dieses befindet sich östlich des Forts Albeck), die Aufgabe, die Stadt nach Westen, Norden und gegen die Donau hin zu verteidigen.</p>
<div style="width: 250px" class="wp-caption alignright"><a class="ngg-fancybox" title=" " href="https://www.dpsg-ulm.de/wordpress/wp-content/gallery/spatzenweiher/20201013_174728.jpg" target="_blank" rel="noopener noreferrer" data-image-id="465" data-src="https://www.dpsg-ulm.de/wordpress/wp-content/gallery/spatzenweiher/20201013_174728.jpg" data-thumbnail="https://www.dpsg-ulm.de/wordpress/wp-content/gallery/spatzenweiher/thumbs/thumbs_20201013_174728.jpg" data-title="20201013_174728" data-description=" "><img loading="lazy" decoding="async" class="ngg-singlepic ngg-none" src="https://www.dpsg-ulm.de/wordpress/wp-content/gallery/spatzenweiher/thumbs/thumbs_20201013_174728.jpg" alt="20201013_174728" width="240" height="160"></a><p class="wp-caption-text">Foto: Christian Pubanz | DPSG Stamm Saint-Exupéry Ulm</p></div>
<p align="justify">970 Mann Besatzung fanden Unterkunft in den Kasematten, vor allem in den Wohnkasematten des elegant geschwungenen dreistöckigen Bogenreduits, das als Verteidigungskaserne eingerichtet war. Das erdbedeckte Dach des Reduits, das über eine außen angebrachte eiserne Treppe zu erreichen ist, konnte als Verteidigungsplattform eingerichtet werden.</p>
<p align="justify">Bis zum Ende des zweiten Weltkrieges diente das Fort militärischen Zwecken. Nach dem Krieg war das Reduit über viele Jahre hinweg Notquartier für obdachlose Familien und Einzelpersonen. Erst im Februar 1974 hat der letzte Mieter das Fort verlassen.</p>
<div style="width: 250px" class="wp-caption alignleft"><a class="ngg-fancybox" title=" " href="https://www.dpsg-ulm.de/wordpress/wp-content/gallery/spatzenweiher/Forttuer_lackiert.jpg" target="_blank" rel="noopener noreferrer" data-image-id="431" data-src="https://www.dpsg-ulm.de/wordpress/wp-content/gallery/spatzenweiher/Forttuer_lackiert.jpg" data-thumbnail="https://www.dpsg-ulm.de/wordpress/wp-content/gallery/spatzenweiher/thumbs/thumbs_Forttuer_lackiert.jpg" data-title="Forttuer_lackiert" data-description=" "><img loading="lazy" decoding="async" class="ngg-singlepic ngg-none" src="https://www.dpsg-ulm.de/wordpress/wp-content/gallery/spatzenweiher/thumbs/thumbs_Forttuer_lackiert.jpg" alt="" width="240" height="160"></a><p class="wp-caption-text">Foto: Adrian Balint | DPSG Stamm Saint-Exupéry Ulm</p></div>
<p align="justify">1977/78 renovierte die Stadt Ulm das Reduit. Dies geschah unter tatkräftiger Unterstützung mehrerer Jugendgruppen, die heute das Erdgeschoss bevölkern.</p>
<p align="justify">Quelle: Die Bundesfestung Ulm von Ottmar Schäuffelen.</p>
<p>Mehr über die Bundesfestung Ulm gibt es unter <a href="http://www.bundesfestung-ulm.de/" target="_blank" rel="noopener noreferrer">www.bundesfestung-ulm.de</a></p>
<p>&nbsp;</p>
<p>&nbsp;</p>
<p>&nbsp;</p>
<p>Mehr Infomationen, Hintergründe und Anekdoten über unsere Räumlichkeiten gibt es hier:</p>
<div class='w3eden'><!-- WPDM Link Template: Default Template -->

<div class="link-template-default card mb-2">
    <div class="card-body">
        <div class="media">
            <div class="mr-3 img-48"><img decoding="async" class="wpdm_icon" alt="Icon"   src="https://www.dpsg-ulm.de/wordpress/wp-content/plugins/download-manager/assets/file-type-icons/pdf.png" /></div>
            <div class="media-body">
                <h3 class="package-title"><a href='https://www.dpsg-ulm.de/wordpress/download/wie-unser-stamm-zu-seinem-pfadfinderheim-im-reduit-des-forts-albeck-kam-von-tommy-hartmann-oktober-2021/'>Wie unser Stamm zu seinem Pfadfinderheim im Reduit des Forts Albeck kam (von Tommy Hartmann +2026) Oktober 2021</a></h3>
                <div class="text-muted text-small"><i class="fas fa-copy"></i> 1 Datei(en) <i class="fas fa-hdd ml-3"></i> 448 kB</div>
            </div>
            <div class="ml-3">
                <a class='wpdm-download-link download-on-click btn btn-primary ' rel='nofollow' href='#' data-downloadurl="https://www.dpsg-ulm.de/wordpress/download/wie-unser-stamm-zu-seinem-pfadfinderheim-im-reduit-des-forts-albeck-kam-von-tommy-hartmann-oktober-2021/?wpdmdl=4099&refresh=69f38024d44b51777565732">Download</a>
            </div>
        </div>
    </div>
</div>

</div>

<p>Anfahrt: Mit dem Bus Linie 4, Fahrtrichtung &#8222;Böfingen Süd&#8220; bzw. Linie 15, Fahrtrichtung &#8222;Science Park III&#8222;, Haltestelle &#8222;Albecker Steige&#8220;, die Heidenheimer Straße queren (Fußgängerampel), die Albecker Steige weiter, die erste Straße rechts abbiegen und den Hang hinauf (Wegweiser Fort Albeck). Bei der Gegenrichtung (Linie 4 &#8211; Fahrtrichtung &#8222;Wiblingen&#8220;; Linie 15 &#8211; Fahrtrichtung &#8222;Willy-Brandt-Platz&#8220;) Haltestelle &#8222;Albecker&#8230;</p>
