{"id":5,"date":"2013-06-25T22:05:46","date_gmt":"2013-06-25T20:05:46","guid":{"rendered":"http:\/\/www.dpsgulm.phibro.de\/wordpress\/?page_id=5"},"modified":"2020-12-11T00:40:49","modified_gmt":"2020-12-10T23:40:49","slug":"freunde-und-forderer-des-stammes-saint-exupery","status":"publish","type":"page","link":"https:\/\/www.dpsg-ulm.de\/wordpress\/freunde-und-forderer-des-stammes-saint-exupery\/","title":{"rendered":"F\u00f6rderverein"},"content":{"rendered":"<h2>&nbsp;<a href=\"http:\/\/www.dpsg-ulm.de\/wordpress\/wp-content\/uploads\/2013\/06\/ev_logo.jpg\"><img loading=\"lazy\" decoding=\"async\" class=\"size-full wp-image-83 alignleft\" src=\"http:\/\/www.dpsg-ulm.de\/wordpress\/wp-content\/uploads\/2013\/06\/ev_logo.jpg\" alt=\"\" width=\"200\" height=\"121\"><\/a><\/h2>\n<h2>Freunde und F\u00f6rderer des Stammes Saint-Exup\u00e9ry<\/h2>\n<p>Der Titel ist Programm:<\/p>\n<p>Beim Ehemaligentreff aus Anlass des 20-j\u00e4hrigen Stammesjubil\u00e4ums wurde am 27.12.1996 die Idee geboren und bald darauf fand sie in der Gr\u00fcndung eines eingetragenen Vereins ihre Ausf\u00fchrung.<\/p>\n<p>Die Begegnung mit alten Freundinnen und Freunden begeistert auch nach etlichen Jahren, in denen man sich \u2013 sei es aus beruflichen oder famili\u00e4ren Gr\u00fcnden &#8211; aus den Augen verloren hat. Viele Erinnerungen an die gemeinsam erlebte Pfadfinderzeit, die Begegnungen und Freundschaften, an tolle Abenteuer und Unternehmen und auch der einst verpasste Spitzname sind im Ged\u00e4chtnis geblieben &#8230;<\/p>\n<p>Aufgaben des Vereins:<\/p>\n<p>Zum Einen bietet er allen (und das sind seit Gr\u00fcndung des Stammes im Jahre 1976 rund 800 Mitglieder), die sich mit der Pfadfinderei und insbesondere mit dem Stamm Saint-Exup\u00e9ry verbunden f\u00fchlen, die M\u00f6glichkeit des Treffens und Gedankenaustausches \u2013 eben als alte Freunde&#8230;<br \/>\nUnd zum Anderen geht es auch um die ideelle und materielle Unterst\u00fctzung der aktiven Pfadfinderarbeit: so f\u00f6rdert der Verein auf Antrag des Stammes mittel- und langfristige Projekte. Hier\u00fcber befindet die Mitgliederversammlung, die einmal im Jahr stattfindet.<\/p>\n<p>Als Rechtstr\u00e4ger verwalten wir auch noch den &#8222;Spatzenweiher&#8220;, unseren Zeltplatz im Mindeltal in der N\u00e4he von Burtenbach, der dem Stamm zur Verf\u00fcgung gestellt wurde.<br \/>\n(\u00dcbrigens: dort befindet sich auch die 2003 in Eigenarbeit von einigen Stammes- und e.V.-Mitgliedern errichtete \u00f6kumenische Flurkapelle &#8222;Licht Gottes&#8220;)<br \/>\nBesonders freuen wir uns nat\u00fcrlich \u00fcber neue aktive Mitglieder im Verein&#8230;<\/p>\n<p>In diesem Sinne weiterhin &#8222;Gut Pfad&#8220; w\u00fcnscht im Namen des e.V.<\/p>\n<p><em>Belle <\/em> (Annabell)<\/p>\n<p>Ihr wollt unseren Stamm aktiv unterst\u00fctzen? Den Antrag zur Mitgliedschaft und die Satzung findet ihr in unserer Downloadecke unter <a href=\"http:\/\/www.dpsg-ulm.de\/wordpress\/downloads\/\">download.dpsg-ulm.de<\/a><\/p>\n<p>Unser Kontaktformular musste auf Grund massiver Spam-Attacken leider offline gestellt werden. Bitte richtet eure Anfragen an freunde-foerderer bei der Domain dpsg-ulm punkt de. (Bitte &#8222;bei der Domain&#8220; durch @ und &#8222;punkt&#8220; durch . ersetzen, dient der Spam-Abwehr!)<\/p>\n","protected":false},"excerpt":{"rendered":"<p>&nbsp; Freunde und F\u00f6rderer des Stammes Saint-Exup\u00e9ry Der Titel ist Programm: Beim Ehemaligentreff aus Anlass des 20-j\u00e4hrigen Stammesjubil\u00e4ums wurde am 27.12.1996 die Idee geboren und bald darauf fand sie in der Gr\u00fcndung eines eingetragenen Vereins ihre Ausf\u00fchrung. Die Begegnung mit alten Freundinnen und Freunden begeistert auch nach etlichen Jahren, in denen man sich \u2013 sei&#8230;<\/p>\n","protected":false},"author":3,"featured_media":0,"parent":0,"menu_order":1,"comment_status":"closed","ping_status":"closed","template":"","meta":{"ngg_post_thumbnail":0,"footnotes":""},"class_list":["post-5","page","type-page","status-publish","hentry"],"_links":{"self":[{"href":"https:\/\/www.dpsg-ulm.de\/wordpress\/wp-json\/wp\/v2\/pages\/5","targetHints":{"allow":["GET"]}}],"collection":[{"href":"https:\/\/www.dpsg-ulm.de\/wordpress\/wp-json\/wp\/v2\/pages"}],"about":[{"href":"https:\/\/www.dpsg-ulm.de\/wordpress\/wp-json\/wp\/v2\/types\/page"}],"author":[{"embeddable":true,"href":"https:\/\/www.dpsg-ulm.de\/wordpress\/wp-json\/wp\/v2\/users\/3"}],"replies":[{"embeddable":true,"href":"https:\/\/www.dpsg-ulm.de\/wordpress\/wp-json\/wp\/v2\/comments?post=5"}],"version-history":[{"count":23,"href":"https:\/\/www.dpsg-ulm.de\/wordpress\/wp-json\/wp\/v2\/pages\/5\/revisions"}],"predecessor-version":[{"id":3911,"href":"https:\/\/www.dpsg-ulm.de\/wordpress\/wp-json\/wp\/v2\/pages\/5\/revisions\/3911"}],"wp:attachment":[{"href":"https:\/\/www.dpsg-ulm.de\/wordpress\/wp-json\/wp\/v2\/media?parent=5"}],"curies":[{"name":"wp","href":"https:\/\/api.w.org\/{rel}","templated":true}]}}

Förderverein

<h2>&nbsp;<a href="http://www.dpsg-ulm.de/wordpress/wp-content/uploads/2013/06/ev_logo.jpg"><img loading="lazy" decoding="async" class="size-full wp-image-83 alignleft" src="http://www.dpsg-ulm.de/wordpress/wp-content/uploads/2013/06/ev_logo.jpg" alt="" width="200" height="121"></a></h2>
<h2>Freunde und Förderer des Stammes Saint-Exupéry</h2>
<p>Der Titel ist Programm:</p>
<p>Beim Ehemaligentreff aus Anlass des 20-jährigen Stammesjubiläums wurde am 27.12.1996 die Idee geboren und bald darauf fand sie in der Gründung eines eingetragenen Vereins ihre Ausführung.</p>
<p>Die Begegnung mit alten Freundinnen und Freunden begeistert auch nach etlichen Jahren, in denen man sich – sei es aus beruflichen oder familiären Gründen &#8211; aus den Augen verloren hat. Viele Erinnerungen an die gemeinsam erlebte Pfadfinderzeit, die Begegnungen und Freundschaften, an tolle Abenteuer und Unternehmen und auch der einst verpasste Spitzname sind im Gedächtnis geblieben &#8230;</p>
<p>Aufgaben des Vereins:</p>
<p>Zum Einen bietet er allen (und das sind seit Gründung des Stammes im Jahre 1976 rund 800 Mitglieder), die sich mit der Pfadfinderei und insbesondere mit dem Stamm Saint-Exupéry verbunden fühlen, die Möglichkeit des Treffens und Gedankenaustausches – eben als alte Freunde&#8230;<br />
Und zum Anderen geht es auch um die ideelle und materielle Unterstützung der aktiven Pfadfinderarbeit: so fördert der Verein auf Antrag des Stammes mittel- und langfristige Projekte. Hierüber befindet die Mitgliederversammlung, die einmal im Jahr stattfindet.</p>
<p>Als Rechtsträger verwalten wir auch noch den &#8222;Spatzenweiher&#8220;, unseren Zeltplatz im Mindeltal in der Nähe von Burtenbach, der dem Stamm zur Verfügung gestellt wurde.<br />
(Übrigens: dort befindet sich auch die 2003 in Eigenarbeit von einigen Stammes- und e.V.-Mitgliedern errichtete ökumenische Flurkapelle &#8222;Licht Gottes&#8220;)<br />
Besonders freuen wir uns natürlich über neue aktive Mitglieder im Verein&#8230;</p>
<p>In diesem Sinne weiterhin &#8222;Gut Pfad&#8220; wünscht im Namen des e.V.</p>
<p><em>Belle </em> (Annabell)</p>
<p>Ihr wollt unseren Stamm aktiv unterstützen? Den Antrag zur Mitgliedschaft und die Satzung findet ihr in unserer Downloadecke unter <a href="http://www.dpsg-ulm.de/wordpress/downloads/">download.dpsg-ulm.de</a></p>
<p>Unser Kontaktformular musste auf Grund massiver Spam-Attacken leider offline gestellt werden. Bitte richtet eure Anfragen an freunde-foerderer bei der Domain dpsg-ulm punkt de. (Bitte &#8222;bei der Domain&#8220; durch @ und &#8222;punkt&#8220; durch . ersetzen, dient der Spam-Abwehr!)</p>

<p>&nbsp; Freunde und Förderer des Stammes Saint-Exupéry Der Titel ist Programm: Beim Ehemaligentreff aus Anlass des 20-jährigen Stammesjubiläums wurde am 27.12.1996 die Idee geboren und bald darauf fand sie in der Gründung eines eingetragenen Vereins ihre Ausführung. Die Begegnung mit alten Freundinnen und Freunden begeistert auch nach etlichen Jahren, in denen man sich – sei&#8230;</p>
