{"id":4584,"date":"2024-02-01T21:55:47","date_gmt":"2024-02-01T20:55:47","guid":{"rendered":"https:\/\/www.dpsg-ulm.de\/wordpress\/?page_id=4584"},"modified":"2024-02-01T22:24:37","modified_gmt":"2024-02-01T21:24:37","slug":"neues-von-den-woelflingen","status":"publish","type":"page","link":"https:\/\/www.dpsg-ulm.de\/wordpress\/neues-von-den-woelflingen\/","title":{"rendered":"Neues von den W\u00f6lflingen"},"content":{"rendered":"<h1><img loading=\"lazy\" decoding=\"async\" class=\"alignright wp-image-3574 \" src=\"https:\/\/www.dpsg-ulm.de\/wordpress\/wp-content\/uploads\/2019\/09\/W\u00d6LFI_Kopf_2019-150x150.jpg\" alt=\"\" width=\"124\" height=\"124\" srcset=\"https:\/\/www.dpsg-ulm.de\/wordpress\/wp-content\/uploads\/2019\/09\/W\u00d6LFI_Kopf_2019-150x150.jpg 150w, https:\/\/www.dpsg-ulm.de\/wordpress\/wp-content\/uploads\/2019\/09\/W\u00d6LFI_Kopf_2019-348x348.jpg 348w\" sizes=\"auto, (max-width: 124px) 100vw, 124px\" \/><\/h1>\n<div dir=\"ltr\">\n<hr>\n<\/div>\n<div dir=\"ltr\">&nbsp;<\/div>\n<div dir=\"ltr\">&nbsp;<\/div>\n<div dir=\"ltr\">ngg_shortcode_0_placeholder<\/div>\n<div dir=\"ltr\">\n<p>In der dunklen Jahreszeit machte es sich die W\u00f6lflingsmeute gem\u00fctlich. Das geht am bestem mit Duft, W\u00e4rme, Licht, guter Gesellschaft, coolen Spielen und witzigen Liedern.<\/p>\n<p>So bastelten wir aus Salzteig und Bucheckern kleine Igel, in deren Mitte ein Teelicht platziert werden konnte. Auch \u00fcbten wir uns in der Kunst des Seife-Gie\u00dfens. Die Jungs und M\u00e4dels hatten kreative Ideen beim Einf\u00e4rben und Dekorieren der Seifen und f\u00fcgten ihren gegossenen Werken auch einen tollen Lavendel- oder Orangenduft hinzu. In einer weiteren Truppstunde erstellten wir Gew\u00fcrzmischungen. So entstanden ein lecker-w\u00e4rmendes Lebkuchengew\u00fcrz, sowie ein herzhaft-orientalisches Brot- und Couscousgew\u00fcrz. Es wurde abgewogen, mit dem M\u00f6rser zersto\u00dfen, vermischt, abgeschmeckt und schlie\u00dflich in kleine Gl\u00e4schen abgef\u00fcllt. So konnte jedes Kind zu Hause der Familie mit einem kleinen Geschenk eine Freude bereiten.<\/p>\n<p>(aus dem W\u00f6lflingsteam: Silvia Heu)<\/p>\n<\/div>\n","protected":false},"excerpt":{"rendered":"<p>&nbsp; &nbsp; In der dunklen Jahreszeit machte es sich die W\u00f6lflingsmeute gem\u00fctlich. Das geht am bestem mit Duft, W\u00e4rme, Licht, guter Gesellschaft, coolen Spielen und witzigen Liedern. So bastelten wir aus Salzteig und Bucheckern kleine Igel, in deren Mitte ein Teelicht platziert werden konnte. Auch \u00fcbten wir uns in der Kunst des Seife-Gie\u00dfens. Die Jungs&#8230;<\/p>\n","protected":false},"author":3,"featured_media":0,"parent":0,"menu_order":0,"comment_status":"closed","ping_status":"closed","template":"","meta":{"ngg_post_thumbnail":0,"footnotes":""},"class_list":["post-4584","page","type-page","status-publish","hentry"],"_links":{"self":[{"href":"https:\/\/www.dpsg-ulm.de\/wordpress\/wp-json\/wp\/v2\/pages\/4584","targetHints":{"allow":["GET"]}}],"collection":[{"href":"https:\/\/www.dpsg-ulm.de\/wordpress\/wp-json\/wp\/v2\/pages"}],"about":[{"href":"https:\/\/www.dpsg-ulm.de\/wordpress\/wp-json\/wp\/v2\/types\/page"}],"author":[{"embeddable":true,"href":"https:\/\/www.dpsg-ulm.de\/wordpress\/wp-json\/wp\/v2\/users\/3"}],"replies":[{"embeddable":true,"href":"https:\/\/www.dpsg-ulm.de\/wordpress\/wp-json\/wp\/v2\/comments?post=4584"}],"version-history":[{"count":4,"href":"https:\/\/www.dpsg-ulm.de\/wordpress\/wp-json\/wp\/v2\/pages\/4584\/revisions"}],"predecessor-version":[{"id":4590,"href":"https:\/\/www.dpsg-ulm.de\/wordpress\/wp-json\/wp\/v2\/pages\/4584\/revisions\/4590"}],"wp:attachment":[{"href":"https:\/\/www.dpsg-ulm.de\/wordpress\/wp-json\/wp\/v2\/media?parent=4584"}],"curies":[{"name":"wp","href":"https:\/\/api.w.org\/{rel}","templated":true}]}}