{"id":3981,"date":"2021-04-30T17:56:10","date_gmt":"2021-04-30T15:56:10","guid":{"rendered":"https:\/\/www.dpsg-ulm.de\/wordpress\/?page_id=3981"},"modified":"2021-07-18T18:03:28","modified_gmt":"2021-07-18T16:03:28","slug":"offroad-rollstuhl-projekt-teamseite","status":"publish","type":"page","link":"https:\/\/www.dpsg-ulm.de\/wordpress\/offroad-rollstuhl-projekt-teamseite\/","title":{"rendered":"Offroad-Rollstuhl-Projekt &#8211; Teamseite"},"content":{"rendered":"<h2>Diese K\u00f6pfe stecken dahinter:<\/h2>\n<p>Ein gutes Projekt zeichnet sich durch kluge K\u00f6pfe aus. Deswegen stellen wir auf diesen Seiten das Projektteam vor:<\/p>\n<div style=\"width: 250px\" class=\"wp-caption alignleft\"><a class=\"ngg-fancybox\" title=\" \" href=\"https:\/\/www.dpsg-ulm.de\/wordpress\/wp-content\/gallery\/projekt-offroad-rollstuhl\/Marc-Weisser_1.23.1.jpg\" target=\"_blank\" rel=\"noopener\" data-image-id=\"482\" data-src=\"https:\/\/www.dpsg-ulm.de\/wordpress\/wp-content\/gallery\/projekt-offroad-rollstuhl\/Marc-Weisser_1.23.1.jpg\" data-thumbnail=\"https:\/\/www.dpsg-ulm.de\/wordpress\/wp-content\/gallery\/projekt-offroad-rollstuhl\/thumbs\/thumbs_Marc-Weisser_1.23.1.jpg\" data-title=\"Marc-Weisser_1.23.1\" data-description=\" \"><img loading=\"lazy\" decoding=\"async\" class=\"ngg-singlepic ngg-none\" src=\"https:\/\/www.dpsg-ulm.de\/wordpress\/wp-content\/gallery\/projekt-offroad-rollstuhl\/thumbs\/thumbs_Marc-Weisser_1.23.1.jpg\" alt=\"Marc-Weisser_1.23.1\" width=\"240\" height=\"160\"><\/a><p class=\"wp-caption-text\">Foto: Video-Doku &#8222;Offroad Rolli Update 3 | Verkabelung und Batterien f\u00fcr den Rollstuhl&#8220; (https:\/\/youtu.be\/wctOAUfGdl0)<\/p><\/div>\n<h3>Marc Wei\u00dfer<\/h3>\n<p>Marc ist Jupfileiter und das technische Genie des Teams. Ihm ist nichts zu gef\u00e4hrlich, aber bleibt in kritischen Situationen stets ruhig und besonnen. Mit seiner Idee des &#8222;Offroad-Rollstuhls&#8220; setzte er gemeinsam mit Silas ein deutliches Zeichen f\u00fcr Inklusion im Stamm Saint-Exup\u00e9ry Ulm und dar\u00fcber hinaus.<\/p>\n<p>&nbsp;<\/p>\n<h3>&nbsp;<\/h3>\n<h3>&nbsp;<\/h3>\n<h3>Silas Gr\u00fcnberg<\/h3>\n<div style=\"width: 250px\" class=\"wp-caption alignright\"><a class=\"ngg-fancybox\" title=\" \" href=\"https:\/\/www.dpsg-ulm.de\/wordpress\/wp-content\/gallery\/projekt-offroad-rollstuhl\/Silas_Gruenberg_1.4.1.jpg\" target=\"_blank\" rel=\"noopener\" data-image-id=\"483\" data-src=\"https:\/\/www.dpsg-ulm.de\/wordpress\/wp-content\/gallery\/projekt-offroad-rollstuhl\/Silas_Gruenberg_1.4.1.jpg\" data-thumbnail=\"https:\/\/www.dpsg-ulm.de\/wordpress\/wp-content\/gallery\/projekt-offroad-rollstuhl\/thumbs\/thumbs_Silas_Gruenberg_1.4.1.jpg\" data-title=\"Silas_Gruenberg_1.4.1\" data-description=\" \"><img loading=\"lazy\" decoding=\"async\" class=\"ngg-singlepic ngg-none\" src=\"https:\/\/www.dpsg-ulm.de\/wordpress\/wp-content\/gallery\/projekt-offroad-rollstuhl\/thumbs\/thumbs_Silas_Gruenberg_1.4.1.jpg\" alt=\"Silas_Gruenberg_1.4.1\" width=\"240\" height=\"160\"><\/a><p class=\"wp-caption-text\">Foto: Video-Doku &#8222;Offroad Rolli Update 3 | Verkabelung und Batterien f\u00fcr den Rollstuhl&#8220; (https:\/\/youtu.be\/wctOAUfGdl0)<\/p><\/div>\n<p>Er ist das &#8222;K\u00fcken&#8220; im Team, beweist jedoch immer wieder, wie viel Enthusiasmus und Herzblut in ihm stecken. Er unterst\u00fctzt Marc beim Verkabeln der Akkus, lackiert das Gef\u00e4hrt und ist freiwilliger Testkandidat. Au\u00dferdem \u00fcbernimmt er die zunehmend die Videodokumentation von Christian.<\/p>\n<p>&nbsp;<\/p>\n<p>&nbsp;<\/p>\n<p>&nbsp;<\/p>\n<p>&nbsp;<\/p>\n<h3>Christian Pubanz<\/h3>\n<p>Die &#8222;Mitschuld&#8220; am Projekt tr\u00e4gt Christian. Seit seiner Geburt hat Christian eine Spastik und sitzt im Rollstuhl. Ins Team schlich er sich er hinein und \u00fcbernimmt die Presse-und \u00d6ffentlichkeitsarbeit; damit auch das Controlling und die Spenden\/Zuschussaquise. Als gelernter B\u00fcrokaufmann ist ihm seine Ausbildung dabei hilfreich<\/p>\n<h2>Teilzeitmitglieder<\/h2>\n<h3>Jasmin Sachse<\/h3>\n<p>Jasmin, Mitglied der Pfadfinderstufe unterst\u00fctzt in unregelm\u00e4\u00dfigen Abst\u00e4nden das Team beim Verdrahten, l\u00f6ten und manchmal auch schwei\u00dfen mit &#8222;Frauenpower&#8220;..<\/p>\n<h3>Kai L\u00f6bowitz<\/h3>\n<p>Eigentlich kein Jupfi mehr und zunehmend beim Technischen Hilfswerk (THW) ehrenamtlich t\u00e4tig, ber\u00e4t Kai in Materialfragen und beim Kauf der selben.<\/p>\n","protected":false},"excerpt":{"rendered":"<p>Diese K\u00f6pfe stecken dahinter: Ein gutes Projekt zeichnet sich durch kluge K\u00f6pfe aus. Deswegen stellen wir auf diesen Seiten das Projektteam vor: Marc Wei\u00dfer Marc ist Jupfileiter und das technische Genie des Teams. Ihm ist nichts zu gef\u00e4hrlich, aber bleibt in kritischen Situationen stets ruhig und besonnen. Mit seiner Idee des &#8222;Offroad-Rollstuhls&#8220; setzte er gemeinsam&#8230;<\/p>\n","protected":false},"author":3,"featured_media":0,"parent":0,"menu_order":0,"comment_status":"closed","ping_status":"closed","template":"","meta":{"ngg_post_thumbnail":0,"footnotes":""},"class_list":["post-3981","page","type-page","status-publish","hentry"],"_links":{"self":[{"href":"https:\/\/www.dpsg-ulm.de\/wordpress\/wp-json\/wp\/v2\/pages\/3981","targetHints":{"allow":["GET"]}}],"collection":[{"href":"https:\/\/www.dpsg-ulm.de\/wordpress\/wp-json\/wp\/v2\/pages"}],"about":[{"href":"https:\/\/www.dpsg-ulm.de\/wordpress\/wp-json\/wp\/v2\/types\/page"}],"author":[{"embeddable":true,"href":"https:\/\/www.dpsg-ulm.de\/wordpress\/wp-json\/wp\/v2\/users\/3"}],"replies":[{"embeddable":true,"href":"https:\/\/www.dpsg-ulm.de\/wordpress\/wp-json\/wp\/v2\/comments?post=3981"}],"version-history":[{"count":6,"href":"https:\/\/www.dpsg-ulm.de\/wordpress\/wp-json\/wp\/v2\/pages\/3981\/revisions"}],"predecessor-version":[{"id":4043,"href":"https:\/\/www.dpsg-ulm.de\/wordpress\/wp-json\/wp\/v2\/pages\/3981\/revisions\/4043"}],"wp:attachment":[{"href":"https:\/\/www.dpsg-ulm.de\/wordpress\/wp-json\/wp\/v2\/media?parent=3981"}],"curies":[{"name":"wp","href":"https:\/\/api.w.org\/{rel}","templated":true}]}}

<h2>Diese Köpfe stecken dahinter:</h2>
<p>Ein gutes Projekt zeichnet sich durch kluge Köpfe aus. Deswegen stellen wir auf diesen Seiten das Projektteam vor:</p>
<div style="width: 250px" class="wp-caption alignleft"><a class="ngg-fancybox" title=" " href="https://www.dpsg-ulm.de/wordpress/wp-content/gallery/projekt-offroad-rollstuhl/Marc-Weisser_1.23.1.jpg" target="_blank" rel="noopener" data-image-id="482" data-src="https://www.dpsg-ulm.de/wordpress/wp-content/gallery/projekt-offroad-rollstuhl/Marc-Weisser_1.23.1.jpg" data-thumbnail="https://www.dpsg-ulm.de/wordpress/wp-content/gallery/projekt-offroad-rollstuhl/thumbs/thumbs_Marc-Weisser_1.23.1.jpg" data-title="Marc-Weisser_1.23.1" data-description=" "><img loading="lazy" decoding="async" class="ngg-singlepic ngg-none" src="https://www.dpsg-ulm.de/wordpress/wp-content/gallery/projekt-offroad-rollstuhl/thumbs/thumbs_Marc-Weisser_1.23.1.jpg" alt="Marc-Weisser_1.23.1" width="240" height="160"></a><p class="wp-caption-text">Foto: Video-Doku &#8222;Offroad Rolli Update 3 | Verkabelung und Batterien für den Rollstuhl&#8220; (https://youtu.be/wctOAUfGdl0)</p></div>
<h3>Marc Weißer</h3>
<p>Marc ist Jupfileiter und das technische Genie des Teams. Ihm ist nichts zu gefährlich, aber bleibt in kritischen Situationen stets ruhig und besonnen. Mit seiner Idee des &#8222;Offroad-Rollstuhls&#8220; setzte er gemeinsam mit Silas ein deutliches Zeichen für Inklusion im Stamm Saint-Exupéry Ulm und darüber hinaus.</p>
<p>&nbsp;</p>
<h3>&nbsp;</h3>
<h3>&nbsp;</h3>
<h3>Silas Grünberg</h3>
<div style="width: 250px" class="wp-caption alignright"><a class="ngg-fancybox" title=" " href="https://www.dpsg-ulm.de/wordpress/wp-content/gallery/projekt-offroad-rollstuhl/Silas_Gruenberg_1.4.1.jpg" target="_blank" rel="noopener" data-image-id="483" data-src="https://www.dpsg-ulm.de/wordpress/wp-content/gallery/projekt-offroad-rollstuhl/Silas_Gruenberg_1.4.1.jpg" data-thumbnail="https://www.dpsg-ulm.de/wordpress/wp-content/gallery/projekt-offroad-rollstuhl/thumbs/thumbs_Silas_Gruenberg_1.4.1.jpg" data-title="Silas_Gruenberg_1.4.1" data-description=" "><img loading="lazy" decoding="async" class="ngg-singlepic ngg-none" src="https://www.dpsg-ulm.de/wordpress/wp-content/gallery/projekt-offroad-rollstuhl/thumbs/thumbs_Silas_Gruenberg_1.4.1.jpg" alt="Silas_Gruenberg_1.4.1" width="240" height="160"></a><p class="wp-caption-text">Foto: Video-Doku &#8222;Offroad Rolli Update 3 | Verkabelung und Batterien für den Rollstuhl&#8220; (https://youtu.be/wctOAUfGdl0)</p></div>
<p>Er ist das &#8222;Küken&#8220; im Team, beweist jedoch immer wieder, wie viel Enthusiasmus und Herzblut in ihm stecken. Er unterstützt Marc beim Verkabeln der Akkus, lackiert das Gefährt und ist freiwilliger Testkandidat. Außerdem übernimmt er die zunehmend die Videodokumentation von Christian.</p>
<p>&nbsp;</p>
<p>&nbsp;</p>
<p>&nbsp;</p>
<p>&nbsp;</p>
<h3>Christian Pubanz</h3>
<p>Die &#8222;Mitschuld&#8220; am Projekt trägt Christian. Seit seiner Geburt hat Christian eine Spastik und sitzt im Rollstuhl. Ins Team schlich er sich er hinein und übernimmt die Presse-und Öffentlichkeitsarbeit; damit auch das Controlling und die Spenden/Zuschussaquise. Als gelernter Bürokaufmann ist ihm seine Ausbildung dabei hilfreich</p>
<h2>Teilzeitmitglieder</h2>
<h3>Jasmin Sachse</h3>
<p>Jasmin, Mitglied der Pfadfinderstufe unterstützt in unregelmäßigen Abständen das Team beim Verdrahten, löten und manchmal auch schweißen mit &#8222;Frauenpower&#8220;..</p>
<h3>Kai Löbowitz</h3>
<p>Eigentlich kein Jupfi mehr und zunehmend beim Technischen Hilfswerk (THW) ehrenamtlich tätig, berät Kai in Materialfragen und beim Kauf der selben.</p>

<p>Diese Köpfe stecken dahinter: Ein gutes Projekt zeichnet sich durch kluge Köpfe aus. Deswegen stellen wir auf diesen Seiten das Projektteam vor: Marc Weißer Marc ist Jupfileiter und das technische Genie des Teams. Ihm ist nichts zu gefährlich, aber bleibt in kritischen Situationen stets ruhig und besonnen. Mit seiner Idee des &#8222;Offroad-Rollstuhls&#8220; setzte er gemeinsam&#8230;</p>
