{"id":3555,"date":"2019-09-14T04:51:40","date_gmt":"2019-09-14T02:51:40","guid":{"rendered":"http:\/\/www.dpsg-ulm.de\/wordpress\/?page_id=3555"},"modified":"2021-11-21T05:33:45","modified_gmt":"2021-11-21T04:33:45","slug":"pressekontakt","status":"publish","type":"page","link":"https:\/\/www.dpsg-ulm.de\/wordpress\/pressekontakt\/","title":{"rendered":"Pressekontakt"},"content":{"rendered":"<p>F\u00fcr Medienvertreter, welche beabsichtigen, \u00fcber den Stamm Saint-Exup\u00e9ry Ulm zu berichten steht<\/p>\n<div style=\"width: 250px\" class=\"wp-caption alignright\"><a class=\"ngg-fancybox\" title=\" \" href=\"https:\/\/www.dpsg-ulm.de\/wordpress\/wp-content\/gallery\/spatzenweiher\/43565457_2251775171517105_442598896703635456_n.jpg\" target=\"_blank\" rel=\"noopener noreferrer\" data-image-id=\"417\" data-src=\"https:\/\/www.dpsg-ulm.de\/wordpress\/wp-content\/gallery\/spatzenweiher\/43565457_2251775171517105_442598896703635456_n.jpg\" data-thumbnail=\"https:\/\/www.dpsg-ulm.de\/wordpress\/wp-content\/gallery\/spatzenweiher\/thumbs\/thumbs_43565457_2251775171517105_442598896703635456_n.jpg\" data-title=\"43565457_2251775171517105_442598896703635456_n\" data-description=\" \"><img loading=\"lazy\" decoding=\"async\" class=\"ngg-singlepic ngg-none\" src=\"https:\/\/www.dpsg-ulm.de\/wordpress\/wp-content\/gallery\/spatzenweiher\/thumbs\/thumbs_43565457_2251775171517105_442598896703635456_n.jpg\" alt=\"43565457_2251775171517105_442598896703635456_n\" width=\"240\" height=\"160\"><\/a><p class=\"wp-caption-text\">Foto: David Kijek<\/p><\/div>\n<p><strong>Christian Pubanz, Referent f\u00fcr Presse- und \u00d6ffentlichkeitsarbeit<\/strong><\/p>\n<p>als Ansprechpartner rund um alle Fragen der Presse- und \u00d6ffentlichkeitsarbeit zur Verf\u00fcgung.<\/p>\n<p><strong>Tel.: 01577 4054407<\/strong><\/p>\n<p>e-Mail: <strong>presse-oeffentlichkeitsarbeit bei der Domain dpsg-ulm.de<\/strong><br \/>\n(Bitte bei der Domain durch @ ersetzen-dient der Spam-Abwehr!)<\/p>\n","protected":false},"excerpt":{"rendered":"<p>F\u00fcr Medienvertreter, welche beabsichtigen, \u00fcber den Stamm Saint-Exup\u00e9ry Ulm zu berichten steht Christian Pubanz, Referent f\u00fcr Presse- und \u00d6ffentlichkeitsarbeit als Ansprechpartner rund um alle Fragen der Presse- und \u00d6ffentlichkeitsarbeit zur Verf\u00fcgung. Tel.: 01577 4054407 e-Mail: presse-oeffentlichkeitsarbeit bei der Domain dpsg-ulm.de (Bitte bei der Domain durch @ ersetzen-dient der Spam-Abwehr!)<\/p>\n","protected":false},"author":3,"featured_media":0,"parent":0,"menu_order":0,"comment_status":"closed","ping_status":"closed","template":"","meta":{"ngg_post_thumbnail":0,"footnotes":""},"class_list":["post-3555","page","type-page","status-publish","hentry"],"_links":{"self":[{"href":"https:\/\/www.dpsg-ulm.de\/wordpress\/wp-json\/wp\/v2\/pages\/3555","targetHints":{"allow":["GET"]}}],"collection":[{"href":"https:\/\/www.dpsg-ulm.de\/wordpress\/wp-json\/wp\/v2\/pages"}],"about":[{"href":"https:\/\/www.dpsg-ulm.de\/wordpress\/wp-json\/wp\/v2\/types\/page"}],"author":[{"embeddable":true,"href":"https:\/\/www.dpsg-ulm.de\/wordpress\/wp-json\/wp\/v2\/users\/3"}],"replies":[{"embeddable":true,"href":"https:\/\/www.dpsg-ulm.de\/wordpress\/wp-json\/wp\/v2\/comments?post=3555"}],"version-history":[{"count":6,"href":"https:\/\/www.dpsg-ulm.de\/wordpress\/wp-json\/wp\/v2\/pages\/3555\/revisions"}],"predecessor-version":[{"id":4121,"href":"https:\/\/www.dpsg-ulm.de\/wordpress\/wp-json\/wp\/v2\/pages\/3555\/revisions\/4121"}],"wp:attachment":[{"href":"https:\/\/www.dpsg-ulm.de\/wordpress\/wp-json\/wp\/v2\/media?parent=3555"}],"curies":[{"name":"wp","href":"https:\/\/api.w.org\/{rel}","templated":true}]}}