{"id":3383,"date":"2019-05-21T09:43:09","date_gmt":"2019-05-21T07:43:09","guid":{"rendered":"http:\/\/www.dpsg-ulm.de\/wordpress\/?page_id=3383"},"modified":"2019-05-21T09:43:09","modified_gmt":"2019-05-21T07:43:09","slug":"72-stunden-kontakt","status":"publish","type":"page","link":"https:\/\/www.dpsg-ulm.de\/wordpress\/72-stunden-kontakt\/","title":{"rendered":"72-Stunden Kontakt"},"content":{"rendered":"<h2>Kontakt zu den Aktionsgruppen<\/h2>\n<p>W\u00e4hrend der 72-Stunden f\u00fchrt f\u00fcr den Stamm Saint-Exup\u00e9ry die Koordination der \u00d6ffentlichkeitsarbeit und Presseanfragen:<\/p>\n<p><strong>Christian Pubanz<\/strong><\/p>\n<p>Tel.: 01 57 7 -40 54 40 7<\/p>\n<p>e-Mail: presse-oeffentlichkeitsarbeit_nospam@dpsg-ulm.de<br \/>\n(Bitte _nospam entfernen, dient der Spam-Abwehr!)<\/p>\n<p>Bei generellen Anfragen zur Aktion oder w\u00fcnschen Sie Kontakt zu anderen Aktionsgruppen, wenden Sie sich bitte an:<\/p>\n<p><strong>Julia Langendorf<\/strong><br \/>\nKatholisches Jugendreferat Ulm<br \/>\nBDKJ-Dekanatsstelle<br \/>\nPostgasse 2<br \/>\n89073 Ulm<br \/>\nTelefon: 0731 \/ 6021116<br \/>\nTelefax: 0731 \/ 6021117<br \/>\nj.langendorf_nospam@jugendreferat-ulm.de<br \/>\njugendreferat-ul_nospam@bdkj.info<br \/>\n(Bitte _nospam entfernen, dient der Spam-Abwehr!)<br \/>\nwww.ehingen-ulm.bdkj.info<\/p>\n","protected":false},"excerpt":{"rendered":"<p>Kontakt zu den Aktionsgruppen W\u00e4hrend der 72-Stunden f\u00fchrt f\u00fcr den Stamm Saint-Exup\u00e9ry die Koordination der \u00d6ffentlichkeitsarbeit und Presseanfragen: Christian Pubanz Tel.: 01 57 7 -40 54 40 7 e-Mail: presse-oeffentlichkeitsarbeit_nospam@dpsg-ulm.de (Bitte _nospam entfernen, dient der Spam-Abwehr!) Bei generellen Anfragen zur Aktion oder w\u00fcnschen Sie Kontakt zu anderen Aktionsgruppen, wenden Sie sich bitte an: Julia Langendorf&#8230;<\/p>\n","protected":false},"author":3,"featured_media":0,"parent":0,"menu_order":0,"comment_status":"closed","ping_status":"closed","template":"","meta":{"ngg_post_thumbnail":0,"footnotes":""},"class_list":["post-3383","page","type-page","status-publish","hentry"],"_links":{"self":[{"href":"https:\/\/www.dpsg-ulm.de\/wordpress\/wp-json\/wp\/v2\/pages\/3383","targetHints":{"allow":["GET"]}}],"collection":[{"href":"https:\/\/www.dpsg-ulm.de\/wordpress\/wp-json\/wp\/v2\/pages"}],"about":[{"href":"https:\/\/www.dpsg-ulm.de\/wordpress\/wp-json\/wp\/v2\/types\/page"}],"author":[{"embeddable":true,"href":"https:\/\/www.dpsg-ulm.de\/wordpress\/wp-json\/wp\/v2\/users\/3"}],"replies":[{"embeddable":true,"href":"https:\/\/www.dpsg-ulm.de\/wordpress\/wp-json\/wp\/v2\/comments?post=3383"}],"version-history":[{"count":1,"href":"https:\/\/www.dpsg-ulm.de\/wordpress\/wp-json\/wp\/v2\/pages\/3383\/revisions"}],"predecessor-version":[{"id":3384,"href":"https:\/\/www.dpsg-ulm.de\/wordpress\/wp-json\/wp\/v2\/pages\/3383\/revisions\/3384"}],"wp:attachment":[{"href":"https:\/\/www.dpsg-ulm.de\/wordpress\/wp-json\/wp\/v2\/media?parent=3383"}],"curies":[{"name":"wp","href":"https:\/\/api.w.org\/{rel}","templated":true}]}}

<h2>Kontakt zu den Aktionsgruppen</h2>
<p>Während der 72-Stunden führt für den Stamm Saint-Exupéry die Koordination der Öffentlichkeitsarbeit und Presseanfragen:</p>
<p><strong>Christian Pubanz</strong></p>
<p>Tel.: 01 57 7 -40 54 40 7</p>
<p>e-Mail: presse-oeffentlichkeitsarbeit_nospam@dpsg-ulm.de<br />
(Bitte _nospam entfernen, dient der Spam-Abwehr!)</p>
<p>Bei generellen Anfragen zur Aktion oder wünschen Sie Kontakt zu anderen Aktionsgruppen, wenden Sie sich bitte an:</p>
<p><strong>Julia Langendorf</strong><br />
Katholisches Jugendreferat Ulm<br />
BDKJ-Dekanatsstelle<br />
Postgasse 2<br />
89073 Ulm<br />
Telefon: 0731 / 6021116<br />
Telefax: 0731 / 6021117<br />
j.langendorf_nospam@jugendreferat-ulm.de<br />
jugendreferat-ul_nospam@bdkj.info<br />
(Bitte _nospam entfernen, dient der Spam-Abwehr!)<br />
www.ehingen-ulm.bdkj.info</p>

<p>Kontakt zu den Aktionsgruppen Während der 72-Stunden führt für den Stamm Saint-Exupéry die Koordination der Öffentlichkeitsarbeit und Presseanfragen: Christian Pubanz Tel.: 01 57 7 -40 54 40 7 e-Mail: presse-oeffentlichkeitsarbeit_nospam@dpsg-ulm.de (Bitte _nospam entfernen, dient der Spam-Abwehr!) Bei generellen Anfragen zur Aktion oder wünschen Sie Kontakt zu anderen Aktionsgruppen, wenden Sie sich bitte an: Julia Langendorf&#8230;</p>
