{"id":3312,"date":"2019-05-19T09:08:37","date_gmt":"2019-05-19T07:08:37","guid":{"rendered":"http:\/\/www.dpsg-ulm.de\/wordpress\/?page_id=3312"},"modified":"2019-05-24T15:09:59","modified_gmt":"2019-05-24T13:09:59","slug":"72-stunden-blog","status":"publish","type":"page","link":"https:\/\/www.dpsg-ulm.de\/wordpress\/72-stunden-blog\/","title":{"rendered":"72 Stunden &#8211; Blog"},"content":{"rendered":"<p>Auf dieser Seite werden ab dem 23. Mai tagesaktuelle Berichte und Fotos eingestellt werden. Mittendrin statt nur dabei &#8211; auf dem 72 Stunden Blog.<br \/>\n<ul class=\"lcp_catlist\" id=\"lcp_instance_0\"><li><h2>72 Stunden &#8211; und es bleibt ein Danke!<\/h2><a href=\"https:\/\/www.dpsg-ulm.de\/wordpress\/2019\/06\/25\/72-stunden-und-es-bleibt-ein-danke\/\" title=\"72 Stunden - und es bleibt ein Danke!\"><img decoding=\"async\" src=\"https:\/\/www.dpsg-ulm.de\/wordpress\/wp-content\/gallery\/72-stunden-2019\/thumbs\/thumbs_20190623_192541.jpg\" class=\"lcp_thumbnail\"  alt=\"72 Stunden - und es bleibt ein Danke!\" \/><\/a><div class=\"lcp_excerpt\">Hallo,\n1 Monat nach der 72-Stunden Aktion melde ich mich nun doch noch einmal &#8211; denn am vorgestrigen Sonntag waren alle Aktionsgruppen des Dekanats Ehingen &#8211; Ulm (und damit auch wir) ins Ulmer &#8222;Roxy&#8220; eingeladen worden. Diese Einladung war nicht grundlos, denn alle Aktionsgruppen hatten sich mit ihrer 72 Stunden Aufgabe m\u00e4chtig ins Zeug gelegt und ...<\/div><a href=\"https:\/\/www.dpsg-ulm.de\/wordpress\/2019\/06\/25\/72-stunden-und-es-bleibt-ein-danke\/\" class=\"btn btn-default\">Weiterlesen<\/a><\/li><li><h2>Das gro\u00dfe Finale<\/h2><a href=\"https:\/\/www.dpsg-ulm.de\/wordpress\/2019\/06\/02\/das-grosse-finale\/\" title=\"Das gro\u00dfe Finale\"><img decoding=\"async\" src=\"https:\/\/www.dpsg-ulm.de\/wordpress\/wp-content\/gallery\/72-stunden-2019\/thumbs\/thumbs_IMG_2626.JPG\" class=\"lcp_thumbnail\"  alt=\"Das gro\u00dfe Finale\" \/><\/a><div class=\"lcp_excerpt\">Endlich! Der Tag der Wahrheit war gekommen!\nGespannt standen die Jungpfadfinder auf und begannen nach dem Fr\u00fchst\u00fcck das nach den 3 Tagen doch ziemlich verw\u00fcstete Fort aufzur\u00e4umen, zu putzen und ihre sieben Sachen zu packen. Gegen 12:30 ging es dann mit Bollerwagen im Takt zu Sean Kingstons &#8222;Shawtys like a melody in my head&#8220; -was wir ...<\/div><a href=\"https:\/\/www.dpsg-ulm.de\/wordpress\/2019\/06\/02\/das-grosse-finale\/\" class=\"btn btn-default\">Weiterlesen<\/a><\/li><li><h2>Spenden, Regen und andere Herausforderungen<\/h2><a href=\"https:\/\/www.dpsg-ulm.de\/wordpress\/2019\/06\/02\/spenden-regen-und-andere-herausforderungen\/\" title=\"Spenden, Regen und andere Herausforderungen\"><img decoding=\"async\" src=\"https:\/\/www.dpsg-ulm.de\/wordpress\/wp-content\/gallery\/72-stunden-2019\/thumbs\/thumbs_IMG_7405.JPG\" class=\"lcp_thumbnail\"  alt=\"Spenden, Regen und andere Herausforderungen\" \/><\/a><div class=\"lcp_excerpt\">Liebe Blogleser,\nich gebe zu, dass ich es nicht geschafft habe, tagesaktuell zu bleiben &#8211; und keinen \u00e4rgert das mehr als mich!\nTrotzdem gebe ich euch noch -im Nachgang-die fehlenden Berichte von Samstag und Sonntag.\nAm Samstag galt es dann endlich, f\u00fcr unser Grillfest die finanziellen Mittel zu akquirieren und die \u00d6ffentlichkeit auf unsere &#8222;Jupfis gegen Hunger&#8220;-Aktion aufmerksam ...<\/div><a href=\"https:\/\/www.dpsg-ulm.de\/wordpress\/2019\/06\/02\/spenden-regen-und-andere-herausforderungen\/\" class=\"btn btn-default\">Weiterlesen<\/a><\/li><li><h2>Lasst die Sp&#8230;.verzeihung&#8230;Arbeit beginnen<\/h2><a href=\"https:\/\/www.dpsg-ulm.de\/wordpress\/2019\/05\/25\/lasst-die-sp-verzeihung-arbeit-beginnen\/\" title=\"Lasst die Sp....verzeihung...Arbeit beginnen\"><img decoding=\"async\" src=\"https:\/\/www.dpsg-ulm.de\/wordpress\/wp-content\/gallery\/72-stunden-2019\/thumbs\/thumbs_IMG_7457.JPG\" class=\"lcp_thumbnail\"  alt=\"Lasst die Sp....verzeihung...Arbeit beginnen\" \/><\/a><div class=\"lcp_excerpt\">Guten Morgen ihr da drau\u00dfen,\nich verlege meine t\u00e4glichen Berichte inzwischen immer auf morgens, da ich bis abends in unserem Fort Albeck besch\u00e4ftigt bin. Bereits nach einem Tag gleichen die R\u00e4ume einem Schlachtfeld; Matratzen, Schlafs\u00e4cke, gespickt von roten oder schwarzen Str\u00fcmpfen liegen auf dem Boden verstreut. Das gibt eine Aufr\u00e4um-in der 72-Stunden-Aktion, die sich gewaschen hat&#8230;\nDie ...<\/div><a href=\"https:\/\/www.dpsg-ulm.de\/wordpress\/2019\/05\/25\/lasst-die-sp-verzeihung-arbeit-beginnen\/\" class=\"btn btn-default\">Weiterlesen<\/a><\/li><li><h2>Ein gelungener Auftakt<\/h2><a href=\"https:\/\/www.dpsg-ulm.de\/wordpress\/2019\/05\/24\/ein-gelungener-auftakt\/\" title=\"Ein gelungener Auftakt\"><img decoding=\"async\" src=\"https:\/\/www.dpsg-ulm.de\/wordpress\/wp-content\/gallery\/72-stunden-2019\/thumbs\/thumbs_20190523_165716.jpg\" class=\"lcp_thumbnail\"  alt=\"Ein gelungener Auftakt\" \/><\/a><div class=\"lcp_excerpt\">Guten Morgen ihr lieben,\nich war dann doch gestern zu m\u00fcde um hier zu bloggen. Hier also der Nachtrag f\u00fcr gestern:\nMit leichter Versp\u00e4tung (es war 17:10 Uhr) startete die 72 Stunden-Aktion im Dekanat Ehingen-Ulm. Rund 300 Kinder und Jugendliche waren bei der Er\u00f6ffnung im Ulmer Xinedom dabei. Julia (Jugendreferentin des Jugendreferats) und Matti aus der Dekanatsleitung ...<\/div><a href=\"https:\/\/www.dpsg-ulm.de\/wordpress\/2019\/05\/24\/ein-gelungener-auftakt\/\" class=\"btn btn-default\">Weiterlesen<\/a><\/li><\/ul><ul class='lcp_paginator'><li class='lcp_currentpage'>1<\/li><li><a href='https:\/\/www.dpsg-ulm.de\/wordpress\/wp-json\/wp\/v2\/pages\/3312?lcp_page0=2' title='2'>2<\/a><\/li><li><a href='https:\/\/www.dpsg-ulm.de\/wordpress\/wp-json\/wp\/v2\/pages\/3312?lcp_page0=2' title='2' class='lcp_nextlink'>&gt;&gt;<\/a><\/li><\/ul>\n&nbsp;<\/p>\n","protected":false},"excerpt":{"rendered":"<p>Auf dieser Seite werden ab dem 23. Mai tagesaktuelle Berichte und Fotos eingestellt werden. Mittendrin statt nur dabei &#8211; auf dem 72 Stunden Blog. &nbsp;<\/p>\n","protected":false},"author":3,"featured_media":0,"parent":0,"menu_order":0,"comment_status":"closed","ping_status":"closed","template":"","meta":{"ngg_post_thumbnail":0,"footnotes":""},"class_list":["post-3312","page","type-page","status-publish","hentry"],"_links":{"self":[{"href":"https:\/\/www.dpsg-ulm.de\/wordpress\/wp-json\/wp\/v2\/pages\/3312","targetHints":{"allow":["GET"]}}],"collection":[{"href":"https:\/\/www.dpsg-ulm.de\/wordpress\/wp-json\/wp\/v2\/pages"}],"about":[{"href":"https:\/\/www.dpsg-ulm.de\/wordpress\/wp-json\/wp\/v2\/types\/page"}],"author":[{"embeddable":true,"href":"https:\/\/www.dpsg-ulm.de\/wordpress\/wp-json\/wp\/v2\/users\/3"}],"replies":[{"embeddable":true,"href":"https:\/\/www.dpsg-ulm.de\/wordpress\/wp-json\/wp\/v2\/comments?post=3312"}],"version-history":[{"count":31,"href":"https:\/\/www.dpsg-ulm.de\/wordpress\/wp-json\/wp\/v2\/pages\/3312\/revisions"}],"predecessor-version":[{"id":3404,"href":"https:\/\/www.dpsg-ulm.de\/wordpress\/wp-json\/wp\/v2\/pages\/3312\/revisions\/3404"}],"wp:attachment":[{"href":"https:\/\/www.dpsg-ulm.de\/wordpress\/wp-json\/wp\/v2\/media?parent=3312"}],"curies":[{"name":"wp","href":"https:\/\/api.w.org\/{rel}","templated":true}]}}

<p>Auf dieser Seite werden ab dem 23. Mai tagesaktuelle Berichte und Fotos eingestellt werden. Mittendrin statt nur dabei &#8211; auf dem 72 Stunden Blog.<br />
<ul class="lcp_catlist" id="lcp_instance_0"><li><h2>72 Stunden &#8211; und es bleibt ein Danke!</h2><a href="https://www.dpsg-ulm.de/wordpress/2019/06/25/72-stunden-und-es-bleibt-ein-danke/" title="72 Stunden - und es bleibt ein Danke!"><img decoding="async" src="https://www.dpsg-ulm.de/wordpress/wp-content/gallery/72-stunden-2019/thumbs/thumbs_20190623_192541.jpg" class="lcp_thumbnail"  alt="72 Stunden - und es bleibt ein Danke!" /></a><div class="lcp_excerpt">Hallo,
1 Monat nach der 72-Stunden Aktion melde ich mich nun doch noch einmal &#8211; denn am vorgestrigen Sonntag waren alle Aktionsgruppen des Dekanats Ehingen &#8211; Ulm (und damit auch wir) ins Ulmer &#8222;Roxy&#8220; eingeladen worden. Diese Einladung war nicht grundlos, denn alle Aktionsgruppen hatten sich mit ihrer 72 Stunden Aufgabe mächtig ins Zeug gelegt und ...</div><a href="https://www.dpsg-ulm.de/wordpress/2019/06/25/72-stunden-und-es-bleibt-ein-danke/" class="btn btn-default">Weiterlesen</a></li><li><h2>Das große Finale</h2><a href="https://www.dpsg-ulm.de/wordpress/2019/06/02/das-grosse-finale/" title="Das große Finale"><img decoding="async" src="https://www.dpsg-ulm.de/wordpress/wp-content/gallery/72-stunden-2019/thumbs/thumbs_IMG_2626.JPG" class="lcp_thumbnail"  alt="Das große Finale" /></a><div class="lcp_excerpt">Endlich! Der Tag der Wahrheit war gekommen!
Gespannt standen die Jungpfadfinder auf und begannen nach dem Frühstück das nach den 3 Tagen doch ziemlich verwüstete Fort aufzuräumen, zu putzen und ihre sieben Sachen zu packen. Gegen 12:30 ging es dann mit Bollerwagen im Takt zu Sean Kingstons &#8222;Shawtys like a melody in my head&#8220; -was wir ...</div><a href="https://www.dpsg-ulm.de/wordpress/2019/06/02/das-grosse-finale/" class="btn btn-default">Weiterlesen</a></li><li><h2>Spenden, Regen und andere Herausforderungen</h2><a href="https://www.dpsg-ulm.de/wordpress/2019/06/02/spenden-regen-und-andere-herausforderungen/" title="Spenden, Regen und andere Herausforderungen"><img decoding="async" src="https://www.dpsg-ulm.de/wordpress/wp-content/gallery/72-stunden-2019/thumbs/thumbs_IMG_7405.JPG" class="lcp_thumbnail"  alt="Spenden, Regen und andere Herausforderungen" /></a><div class="lcp_excerpt">Liebe Blogleser,
ich gebe zu, dass ich es nicht geschafft habe, tagesaktuell zu bleiben &#8211; und keinen ärgert das mehr als mich!
Trotzdem gebe ich euch noch -im Nachgang-die fehlenden Berichte von Samstag und Sonntag.
Am Samstag galt es dann endlich, für unser Grillfest die finanziellen Mittel zu akquirieren und die Öffentlichkeit auf unsere &#8222;Jupfis gegen Hunger&#8220;-Aktion aufmerksam ...</div><a href="https://www.dpsg-ulm.de/wordpress/2019/06/02/spenden-regen-und-andere-herausforderungen/" class="btn btn-default">Weiterlesen</a></li><li><h2>Lasst die Sp&#8230;.verzeihung&#8230;Arbeit beginnen</h2><a href="https://www.dpsg-ulm.de/wordpress/2019/05/25/lasst-die-sp-verzeihung-arbeit-beginnen/" title="Lasst die Sp....verzeihung...Arbeit beginnen"><img decoding="async" src="https://www.dpsg-ulm.de/wordpress/wp-content/gallery/72-stunden-2019/thumbs/thumbs_IMG_7457.JPG" class="lcp_thumbnail"  alt="Lasst die Sp....verzeihung...Arbeit beginnen" /></a><div class="lcp_excerpt">Guten Morgen ihr da draußen,
ich verlege meine täglichen Berichte inzwischen immer auf morgens, da ich bis abends in unserem Fort Albeck beschäftigt bin. Bereits nach einem Tag gleichen die Räume einem Schlachtfeld; Matratzen, Schlafsäcke, gespickt von roten oder schwarzen Strümpfen liegen auf dem Boden verstreut. Das gibt eine Aufräum-in der 72-Stunden-Aktion, die sich gewaschen hat&#8230;
Die ...</div><a href="https://www.dpsg-ulm.de/wordpress/2019/05/25/lasst-die-sp-verzeihung-arbeit-beginnen/" class="btn btn-default">Weiterlesen</a></li><li><h2>Ein gelungener Auftakt</h2><a href="https://www.dpsg-ulm.de/wordpress/2019/05/24/ein-gelungener-auftakt/" title="Ein gelungener Auftakt"><img decoding="async" src="https://www.dpsg-ulm.de/wordpress/wp-content/gallery/72-stunden-2019/thumbs/thumbs_20190523_165716.jpg" class="lcp_thumbnail"  alt="Ein gelungener Auftakt" /></a><div class="lcp_excerpt">Guten Morgen ihr lieben,
ich war dann doch gestern zu müde um hier zu bloggen. Hier also der Nachtrag für gestern:
Mit leichter Verspätung (es war 17:10 Uhr) startete die 72 Stunden-Aktion im Dekanat Ehingen-Ulm. Rund 300 Kinder und Jugendliche waren bei der Eröffnung im Ulmer Xinedom dabei. Julia (Jugendreferentin des Jugendreferats) und Matti aus der Dekanatsleitung ...</div><a href="https://www.dpsg-ulm.de/wordpress/2019/05/24/ein-gelungener-auftakt/" class="btn btn-default">Weiterlesen</a></li></ul><ul class='lcp_paginator'><li class='lcp_currentpage'>1</li><li><a href='https://www.dpsg-ulm.de/wordpress/wp-json/wp/v2/pages/3312?lcp_page0=2' title='2'>2</a></li><li><a href='https://www.dpsg-ulm.de/wordpress/wp-json/wp/v2/pages/3312?lcp_page0=2' title='2' class='lcp_nextlink'>&gt;&gt;</a></li></ul>
&nbsp;</p>
