{"id":3302,"date":"2019-05-19T06:10:42","date_gmt":"2019-05-19T04:10:42","guid":{"rendered":"http:\/\/www.dpsg-ulm.de\/wordpress\/?page_id=3302"},"modified":"2019-05-21T00:58:39","modified_gmt":"2019-05-20T22:58:39","slug":"72-stunden-was-ist-das-ueberhaupt","status":"publish","type":"page","link":"https:\/\/www.dpsg-ulm.de\/wordpress\/72-stunden-was-ist-das-ueberhaupt\/","title":{"rendered":"72 Stunden &#8211; Was ist das \u00fcberhaupt?"},"content":{"rendered":"<div style=\"width: 250px\" class=\"wp-caption alignright\"><a class=\"ngg-fancybox\" title=\"Stoppi und Biene - die Maskottchen der 72-Stunden Aktion \" href=\"https:\/\/www.dpsg-ulm.de\/wordpress\/wp-content\/gallery\/spatzenweiher\/171109_Stoppi_und_Biene_grau.jpg\" data-image-id=\"349\" data-src=\"https:\/\/www.dpsg-ulm.de\/wordpress\/wp-content\/gallery\/spatzenweiher\/171109_Stoppi_und_Biene_grau.jpg\" data-thumbnail=\"https:\/\/www.dpsg-ulm.de\/wordpress\/wp-content\/gallery\/spatzenweiher\/thumbs\/thumbs_171109_Stoppi_und_Biene_grau.jpg\" data-title=\"Druck\" data-description=\" \"><img loading=\"lazy\" decoding=\"async\" class=\"ngg-singlepic ngg-right\" src=\"https:\/\/www.dpsg-ulm.de\/wordpress\/wp-content\/gallery\/spatzenweiher\/thumbs\/thumbs_171109_Stoppi_und_Biene_grau.jpg\" alt=\"\" width=\"240\" height=\"160\"><\/a><p class=\"wp-caption-text\">Stoppi und Biene &#8211; die Maskottchen der 72-Stunden Aktion c BDKJ Bundesstelle<\/p><\/div>\n<p>Die 72-Stunden-Aktion ist eine Sozialaktion des <a class=\"external-link\" href=\"https:\/\/bdkj.de\" target=\"_blank\" rel=\"noopener noreferrer\">Bundes der Deutschen Katholischen Jugend (BDKJ)<\/a> und seiner Verb\u00e4nde. In 72 Stunden werden dabei in ganz Deutschland Projekte umgesetzt, die die <em>\u201eWelt ein St\u00fcckchen besser machen\u201c<\/em>. Dieses Motto ist der Ausgangspunkt aller Aktivit\u00e4ten rund um die Aktion im Jahr 2019. Die Projekte greifen politische und gesellschaftliche Themen auf, sind lebensweltorientiert und geben dem Glauben \u201eHand und Fu\u00df\u201c. Als teilnehmende Gruppe&nbsp;setzt man sich konkret vor Ort im eigenen Sozialraum ein. Einen Raum, dessen Bedingungen und Probleme man kennt. Die Teilnehmenden werden eben dort f\u00fcr und mit anderen t\u00e4tig, wo sie auch sonst im Alltag unterwegs sind.&nbsp;Seien es Nachbarschaftstreffen, Partnerschaften zu Asylunterk\u00fcnften oder der Bau von Kletterger\u00fcsten: Als Gruppe&nbsp;hat man Raum zur individuellen Ausgestaltung der Aktion. Wichtig ist der gemeinsame Einsatz f\u00fcr andere oder mit anderen! Die Aktionen k\u00f6nnen interreligi\u00f6s, politisch, \u00f6kologisch oder international ausgerichtet sein.<\/p>\n<p>Bei der letzten 72-Stunden-Aktion im Jahr 2013 waren \u00fcber 175.000 Kinder, Jugendliche und junge Erwachsene deutschlandweit dabei. Allein in Baden-W\u00fcrttemberg stellten sich 800 Gruppen mit knapp 25.000 Aktiven ihrer ganz pers\u00f6nlichen 72-Stunden-Herausforderung.<\/p>\n","protected":false},"excerpt":{"rendered":"<p>Die 72-Stunden-Aktion ist eine Sozialaktion des Bundes der Deutschen Katholischen Jugend (BDKJ) und seiner Verb\u00e4nde. In 72 Stunden werden dabei in ganz Deutschland Projekte umgesetzt, die die \u201eWelt ein St\u00fcckchen besser machen\u201c. Dieses Motto ist der Ausgangspunkt aller Aktivit\u00e4ten rund um die Aktion im Jahr 2019. Die Projekte greifen politische und gesellschaftliche Themen auf, sind&#8230;<\/p>\n","protected":false},"author":3,"featured_media":0,"parent":0,"menu_order":0,"comment_status":"closed","ping_status":"closed","template":"","meta":{"ngg_post_thumbnail":0,"footnotes":""},"class_list":["post-3302","page","type-page","status-publish","hentry"],"_links":{"self":[{"href":"https:\/\/www.dpsg-ulm.de\/wordpress\/wp-json\/wp\/v2\/pages\/3302","targetHints":{"allow":["GET"]}}],"collection":[{"href":"https:\/\/www.dpsg-ulm.de\/wordpress\/wp-json\/wp\/v2\/pages"}],"about":[{"href":"https:\/\/www.dpsg-ulm.de\/wordpress\/wp-json\/wp\/v2\/types\/page"}],"author":[{"embeddable":true,"href":"https:\/\/www.dpsg-ulm.de\/wordpress\/wp-json\/wp\/v2\/users\/3"}],"replies":[{"embeddable":true,"href":"https:\/\/www.dpsg-ulm.de\/wordpress\/wp-json\/wp\/v2\/comments?post=3302"}],"version-history":[{"count":3,"href":"https:\/\/www.dpsg-ulm.de\/wordpress\/wp-json\/wp\/v2\/pages\/3302\/revisions"}],"predecessor-version":[{"id":3306,"href":"https:\/\/www.dpsg-ulm.de\/wordpress\/wp-json\/wp\/v2\/pages\/3302\/revisions\/3306"}],"wp:attachment":[{"href":"https:\/\/www.dpsg-ulm.de\/wordpress\/wp-json\/wp\/v2\/media?parent=3302"}],"curies":[{"name":"wp","href":"https:\/\/api.w.org\/{rel}","templated":true}]}}

72 Stunden &#8211; Was ist das überhaupt?

<div style="width: 250px" class="wp-caption alignright"><a class="ngg-fancybox" title="Stoppi und Biene - die Maskottchen der 72-Stunden Aktion " href="https://www.dpsg-ulm.de/wordpress/wp-content/gallery/spatzenweiher/171109_Stoppi_und_Biene_grau.jpg" data-image-id="349" data-src="https://www.dpsg-ulm.de/wordpress/wp-content/gallery/spatzenweiher/171109_Stoppi_und_Biene_grau.jpg" data-thumbnail="https://www.dpsg-ulm.de/wordpress/wp-content/gallery/spatzenweiher/thumbs/thumbs_171109_Stoppi_und_Biene_grau.jpg" data-title="Druck" data-description=" "><img loading="lazy" decoding="async" class="ngg-singlepic ngg-right" src="https://www.dpsg-ulm.de/wordpress/wp-content/gallery/spatzenweiher/thumbs/thumbs_171109_Stoppi_und_Biene_grau.jpg" alt="" width="240" height="160"></a><p class="wp-caption-text">Stoppi und Biene &#8211; die Maskottchen der 72-Stunden Aktion c BDKJ Bundesstelle</p></div>
<p>Die 72-Stunden-Aktion ist eine Sozialaktion des <a class="external-link" href="https://bdkj.de" target="_blank" rel="noopener noreferrer">Bundes der Deutschen Katholischen Jugend (BDKJ)</a> und seiner Verbände. In 72 Stunden werden dabei in ganz Deutschland Projekte umgesetzt, die die <em>„Welt ein Stückchen besser machen“</em>. Dieses Motto ist der Ausgangspunkt aller Aktivitäten rund um die Aktion im Jahr 2019. Die Projekte greifen politische und gesellschaftliche Themen auf, sind lebensweltorientiert und geben dem Glauben „Hand und Fuß“. Als teilnehmende Gruppe&nbsp;setzt man sich konkret vor Ort im eigenen Sozialraum ein. Einen Raum, dessen Bedingungen und Probleme man kennt. Die Teilnehmenden werden eben dort für und mit anderen tätig, wo sie auch sonst im Alltag unterwegs sind.&nbsp;Seien es Nachbarschaftstreffen, Partnerschaften zu Asylunterkünften oder der Bau von Klettergerüsten: Als Gruppe&nbsp;hat man Raum zur individuellen Ausgestaltung der Aktion. Wichtig ist der gemeinsame Einsatz für andere oder mit anderen! Die Aktionen können interreligiös, politisch, ökologisch oder international ausgerichtet sein.</p>
<p>Bei der letzten 72-Stunden-Aktion im Jahr 2013 waren über 175.000 Kinder, Jugendliche und junge Erwachsene deutschlandweit dabei. Allein in Baden-Württemberg stellten sich 800 Gruppen mit knapp 25.000 Aktiven ihrer ganz persönlichen 72-Stunden-Herausforderung.</p>

<p>Die 72-Stunden-Aktion ist eine Sozialaktion des Bundes der Deutschen Katholischen Jugend (BDKJ) und seiner Verbände. In 72 Stunden werden dabei in ganz Deutschland Projekte umgesetzt, die die „Welt ein Stückchen besser machen“. Dieses Motto ist der Ausgangspunkt aller Aktivitäten rund um die Aktion im Jahr 2019. Die Projekte greifen politische und gesellschaftliche Themen auf, sind&#8230;</p>
