{"id":3300,"date":"2019-05-19T05:59:19","date_gmt":"2019-05-19T03:59:19","guid":{"rendered":"http:\/\/www.dpsg-ulm.de\/wordpress\/?page_id=3300"},"modified":"2020-02-25T15:39:02","modified_gmt":"2020-02-25T14:39:02","slug":"projektbeschreibung-pfadfinderstufe","status":"publish","type":"page","link":"https:\/\/www.dpsg-ulm.de\/wordpress\/projektbeschreibung-pfadfinderstufe\/","title":{"rendered":"72 Stunden Projektbeschreibung &#8211; Pfadfinderstufe"},"content":{"rendered":"<h2><a href=\"http:\/\/www.dpsg-ulm.de\/wordpress\/wp-content\/uploads\/2018\/07\/Logo-Pfadis.jpg\"><img loading=\"lazy\" decoding=\"async\" class=\"alignleft wp-image-2995 size-medium\" src=\"http:\/\/www.dpsg-ulm.de\/wordpress\/wp-content\/uploads\/2018\/07\/Logo-Pfadis-300x300.jpg\" alt=\"\" width=\"300\" height=\"300\" srcset=\"https:\/\/www.dpsg-ulm.de\/wordpress\/wp-content\/uploads\/2018\/07\/Logo-Pfadis-300x300.jpg 300w, https:\/\/www.dpsg-ulm.de\/wordpress\/wp-content\/uploads\/2018\/07\/Logo-Pfadis-150x150.jpg 150w, https:\/\/www.dpsg-ulm.de\/wordpress\/wp-content\/uploads\/2018\/07\/Logo-Pfadis-768x768.jpg 768w, https:\/\/www.dpsg-ulm.de\/wordpress\/wp-content\/uploads\/2018\/07\/Logo-Pfadis-1024x1024.jpg 1024w, https:\/\/www.dpsg-ulm.de\/wordpress\/wp-content\/uploads\/2018\/07\/Logo-Pfadis-750x750.jpg 750w, https:\/\/www.dpsg-ulm.de\/wordpress\/wp-content\/uploads\/2018\/07\/Logo-Pfadis-348x348.jpg 348w\" sizes=\"auto, (max-width: 300px) 100vw, 300px\" \/><\/a><\/h2>\n<div style=\"width: 250px\" class=\"wp-caption alignright\"><a class=\"ngg-fancybox\" title=\" \" href=\"https:\/\/www.dpsg-ulm.de\/wordpress\/wp-content\/gallery\/spatzenweiher\/33_St.Ex_.jpg\" target=\"_blank\" rel=\"noopener noreferrer\" data-image-id=\"350\" data-src=\"https:\/\/www.dpsg-ulm.de\/wordpress\/wp-content\/gallery\/spatzenweiher\/33_St.Ex_.jpg\" data-thumbnail=\"https:\/\/www.dpsg-ulm.de\/wordpress\/wp-content\/gallery\/spatzenweiher\/thumbs\/thumbs_33_St.Ex_.jpg\" data-title=\"33_St.Ex_\" data-description=\" \"><img loading=\"lazy\" decoding=\"async\" class=\"ngg-singlepic ngg-none\" src=\"https:\/\/www.dpsg-ulm.de\/wordpress\/wp-content\/gallery\/spatzenweiher\/thumbs\/thumbs_33_St.Ex_.jpg\" alt=\"\" width=\"240\" height=\"160\"><\/a><p class=\"wp-caption-text\">Die &#8222;Rolliscouts&#8220; der Pfadfinderstufe<\/p><\/div>\n<h2>&nbsp;<\/h2>\n<h2>&nbsp;<\/h2>\n<h2>&nbsp;<\/h2>\n<h2>&nbsp;<\/h2>\n<p>&nbsp;<\/p>\n<p>&nbsp;<\/p>\n<p>&nbsp;<\/p>\n<h2>&nbsp;<\/h2>\n<h2>Projektbeschreibung Pfadfinderstufe<\/h2>\n<p><strong>In Zusammenarbeit mit einer Einrichtung f\u00fcr Menschen mit Behinderung eine Karte erstellen, die anzeigt, welche Wege gut, mittel oder schlecht mit einem Rollstuhl zu befahren sind.<\/strong><\/p>\n<p>Zusammen mit einer Einrichtung f\u00fcr Menschen mit Behinderung fahren die Jugendlichen mit Rollst\u00fchlen die Ulmer Innenstadt ab. Dabei makieren sie die abgefahrenen Wege mit einem Ampelsystem (gr\u00fcn = gut befahrbar, ohne barrieren, gelb = mittel befahrbar, rot = nicht befahrbar, nicht barrierenfrei). Die Dokumentation wird dann in einer App oder Karte erstellt und ver\u00f6ffentlicht.<\/p>\n<p>&nbsp;<\/p>\n<div style=\"width: 250px\" class=\"wp-caption alignleft\"><a class=\"ngg-fancybox\" title=\" Foto: Christian Pubanz | DPSG Stamm Saint-Exup\u00e9ry Ulm\" href=\"https:\/\/www.dpsg-ulm.de\/wordpress\/wp-content\/gallery\/72-stunden-2019\/Rollimaps_Homepage.jpg\" target=\"_blank\" rel=\"noopener noreferrer\" data-image-id=\"429\" data-src=\"https:\/\/www.dpsg-ulm.de\/wordpress\/wp-content\/gallery\/72-stunden-2019\/Rollimaps_Homepage.jpg\" data-thumbnail=\"https:\/\/www.dpsg-ulm.de\/wordpress\/wp-content\/gallery\/72-stunden-2019\/thumbs\/thumbs_Rollimaps_Homepage.jpg\" data-title=\"Rollimaps_Homepage\" data-description=\" Foto: Christian Pubanz | DPSG Stamm Saint-Exup\u00e9ry Ulm\"><img loading=\"lazy\" decoding=\"async\" class=\"ngg-singlepic ngg-left\" src=\"https:\/\/www.dpsg-ulm.de\/wordpress\/wp-content\/gallery\/72-stunden-2019\/thumbs\/thumbs_Rollimaps_Homepage.jpg\" alt=\"Rollimaps_Homepage\" width=\"240\" height=\"160\"><\/a><p class=\"wp-caption-text\">Foto: Christian Pubanz | DPSG Stamm Saint-Exup\u00e9ry Ulm<\/p><\/div>\n<p>Die &#8222;Rollimap&#8220; wurde durch die <a href=\"https:\/\/www.ulm.de\" target=\"_blank\" rel=\"noopener noreferrer\">Stadt Ulm<\/a> abgenommen und liegt an diversen \u00f6ffentlichen Einrichtungen (Universit\u00e4t Ulm, Stadtbibliothek Ulm, Touristinformation Ulm\/Neu-Ulm) aus und ist weiterhin in unserer <a href=\"https:\/\/www.dpsg-ulm.de\/wordpress\/downloads\/\">Download-Ecke<\/a> zu finden!<\/p>\n","protected":false},"excerpt":{"rendered":"<p>&nbsp; &nbsp; &nbsp; &nbsp; &nbsp; &nbsp; &nbsp; &nbsp; Projektbeschreibung Pfadfinderstufe In Zusammenarbeit mit einer Einrichtung f\u00fcr Menschen mit Behinderung eine Karte erstellen, die anzeigt, welche Wege gut, mittel oder schlecht mit einem Rollstuhl zu befahren sind. Zusammen mit einer Einrichtung f\u00fcr Menschen mit Behinderung fahren die Jugendlichen mit Rollst\u00fchlen die Ulmer Innenstadt ab. Dabei makieren&#8230;<\/p>\n","protected":false},"author":3,"featured_media":0,"parent":0,"menu_order":0,"comment_status":"closed","ping_status":"closed","template":"","meta":{"ngg_post_thumbnail":0,"footnotes":""},"class_list":["post-3300","page","type-page","status-publish","hentry"],"_links":{"self":[{"href":"https:\/\/www.dpsg-ulm.de\/wordpress\/wp-json\/wp\/v2\/pages\/3300","targetHints":{"allow":["GET"]}}],"collection":[{"href":"https:\/\/www.dpsg-ulm.de\/wordpress\/wp-json\/wp\/v2\/pages"}],"about":[{"href":"https:\/\/www.dpsg-ulm.de\/wordpress\/wp-json\/wp\/v2\/types\/page"}],"author":[{"embeddable":true,"href":"https:\/\/www.dpsg-ulm.de\/wordpress\/wp-json\/wp\/v2\/users\/3"}],"replies":[{"embeddable":true,"href":"https:\/\/www.dpsg-ulm.de\/wordpress\/wp-json\/wp\/v2\/comments?post=3300"}],"version-history":[{"count":9,"href":"https:\/\/www.dpsg-ulm.de\/wordpress\/wp-json\/wp\/v2\/pages\/3300\/revisions"}],"predecessor-version":[{"id":3689,"href":"https:\/\/www.dpsg-ulm.de\/wordpress\/wp-json\/wp\/v2\/pages\/3300\/revisions\/3689"}],"wp:attachment":[{"href":"https:\/\/www.dpsg-ulm.de\/wordpress\/wp-json\/wp\/v2\/media?parent=3300"}],"curies":[{"name":"wp","href":"https:\/\/api.w.org\/{rel}","templated":true}]}}

<h2><a href="http://www.dpsg-ulm.de/wordpress/wp-content/uploads/2018/07/Logo-Pfadis.jpg"><img loading="lazy" decoding="async" class="alignleft wp-image-2995 size-medium" src="http://www.dpsg-ulm.de/wordpress/wp-content/uploads/2018/07/Logo-Pfadis-300x300.jpg" alt="" width="300" height="300" srcset="https://www.dpsg-ulm.de/wordpress/wp-content/uploads/2018/07/Logo-Pfadis-300x300.jpg 300w, https://www.dpsg-ulm.de/wordpress/wp-content/uploads/2018/07/Logo-Pfadis-150x150.jpg 150w, https://www.dpsg-ulm.de/wordpress/wp-content/uploads/2018/07/Logo-Pfadis-768x768.jpg 768w, https://www.dpsg-ulm.de/wordpress/wp-content/uploads/2018/07/Logo-Pfadis-1024x1024.jpg 1024w, https://www.dpsg-ulm.de/wordpress/wp-content/uploads/2018/07/Logo-Pfadis-750x750.jpg 750w, https://www.dpsg-ulm.de/wordpress/wp-content/uploads/2018/07/Logo-Pfadis-348x348.jpg 348w" sizes="auto, (max-width: 300px) 100vw, 300px" /></a></h2>
<div style="width: 250px" class="wp-caption alignright"><a class="ngg-fancybox" title=" " href="https://www.dpsg-ulm.de/wordpress/wp-content/gallery/spatzenweiher/33_St.Ex_.jpg" target="_blank" rel="noopener noreferrer" data-image-id="350" data-src="https://www.dpsg-ulm.de/wordpress/wp-content/gallery/spatzenweiher/33_St.Ex_.jpg" data-thumbnail="https://www.dpsg-ulm.de/wordpress/wp-content/gallery/spatzenweiher/thumbs/thumbs_33_St.Ex_.jpg" data-title="33_St.Ex_" data-description=" "><img loading="lazy" decoding="async" class="ngg-singlepic ngg-none" src="https://www.dpsg-ulm.de/wordpress/wp-content/gallery/spatzenweiher/thumbs/thumbs_33_St.Ex_.jpg" alt="" width="240" height="160"></a><p class="wp-caption-text">Die &#8222;Rolliscouts&#8220; der Pfadfinderstufe</p></div>
<h2>&nbsp;</h2>
<h2>&nbsp;</h2>
<h2>&nbsp;</h2>
<h2>&nbsp;</h2>
<p>&nbsp;</p>
<p>&nbsp;</p>
<p>&nbsp;</p>
<h2>&nbsp;</h2>
<h2>Projektbeschreibung Pfadfinderstufe</h2>
<p><strong>In Zusammenarbeit mit einer Einrichtung für Menschen mit Behinderung eine Karte erstellen, die anzeigt, welche Wege gut, mittel oder schlecht mit einem Rollstuhl zu befahren sind.</strong></p>
<p>Zusammen mit einer Einrichtung für Menschen mit Behinderung fahren die Jugendlichen mit Rollstühlen die Ulmer Innenstadt ab. Dabei makieren sie die abgefahrenen Wege mit einem Ampelsystem (grün = gut befahrbar, ohne barrieren, gelb = mittel befahrbar, rot = nicht befahrbar, nicht barrierenfrei). Die Dokumentation wird dann in einer App oder Karte erstellt und veröffentlicht.</p>
<p>&nbsp;</p>
<div style="width: 250px" class="wp-caption alignleft"><a class="ngg-fancybox" title=" Foto: Christian Pubanz | DPSG Stamm Saint-Exupéry Ulm" href="https://www.dpsg-ulm.de/wordpress/wp-content/gallery/72-stunden-2019/Rollimaps_Homepage.jpg" target="_blank" rel="noopener noreferrer" data-image-id="429" data-src="https://www.dpsg-ulm.de/wordpress/wp-content/gallery/72-stunden-2019/Rollimaps_Homepage.jpg" data-thumbnail="https://www.dpsg-ulm.de/wordpress/wp-content/gallery/72-stunden-2019/thumbs/thumbs_Rollimaps_Homepage.jpg" data-title="Rollimaps_Homepage" data-description=" Foto: Christian Pubanz | DPSG Stamm Saint-Exupéry Ulm"><img loading="lazy" decoding="async" class="ngg-singlepic ngg-left" src="https://www.dpsg-ulm.de/wordpress/wp-content/gallery/72-stunden-2019/thumbs/thumbs_Rollimaps_Homepage.jpg" alt="Rollimaps_Homepage" width="240" height="160"></a><p class="wp-caption-text">Foto: Christian Pubanz | DPSG Stamm Saint-Exupéry Ulm</p></div>
<p>Die &#8222;Rollimap&#8220; wurde durch die <a href="https://www.ulm.de" target="_blank" rel="noopener noreferrer">Stadt Ulm</a> abgenommen und liegt an diversen öffentlichen Einrichtungen (Universität Ulm, Stadtbibliothek Ulm, Touristinformation Ulm/Neu-Ulm) aus und ist weiterhin in unserer <a href="https://www.dpsg-ulm.de/wordpress/downloads/">Download-Ecke</a> zu finden!</p>

<p>&nbsp; &nbsp; &nbsp; &nbsp; &nbsp; &nbsp; &nbsp; &nbsp; Projektbeschreibung Pfadfinderstufe In Zusammenarbeit mit einer Einrichtung für Menschen mit Behinderung eine Karte erstellen, die anzeigt, welche Wege gut, mittel oder schlecht mit einem Rollstuhl zu befahren sind. Zusammen mit einer Einrichtung für Menschen mit Behinderung fahren die Jugendlichen mit Rollstühlen die Ulmer Innenstadt ab. Dabei makieren&#8230;</p>
