{"id":3294,"date":"2019-05-19T03:42:42","date_gmt":"2019-05-19T01:42:42","guid":{"rendered":"http:\/\/www.dpsg-ulm.de\/wordpress\/?page_id=3294"},"modified":"2019-05-21T00:36:12","modified_gmt":"2019-05-20T22:36:12","slug":"72-stunden-uns-schickt-der-himmel","status":"publish","type":"page","link":"https:\/\/www.dpsg-ulm.de\/wordpress\/72-stunden-uns-schickt-der-himmel\/","title":{"rendered":"72 Stunden &#8211; Uns schickt der Himmel"},"content":{"rendered":"<div style=\"width: 250px\" class=\"wp-caption aligncenter\"><a class=\"ngg-fancybox\" title=\" \" href=\"https:\/\/www.dpsg-ulm.de\/wordpress\/wp-content\/gallery\/spatzenweiher\/logo-72-stunden-aktion-datum-gruen.jpg\" data-image-id=\"323\" data-src=\"https:\/\/www.dpsg-ulm.de\/wordpress\/wp-content\/gallery\/spatzenweiher\/logo-72-stunden-aktion-datum-gruen.jpg\" data-thumbnail=\"https:\/\/www.dpsg-ulm.de\/wordpress\/wp-content\/gallery\/spatzenweiher\/thumbs\/thumbs_logo-72-stunden-aktion-datum-gruen.jpg\" data-title=\"Zelte_in_Westernohe_bei_Nacht\" data-description=\" \"><img loading=\"lazy\" decoding=\"async\" class=\"ngg-singlepic ngg-none\" src=\"https:\/\/www.dpsg-ulm.de\/wordpress\/wp-content\/gallery\/spatzenweiher\/thumbs\/thumbs_logo-72-stunden-aktion-datum-gruen.jpg\" alt=\"logo-72-stunden-aktion-datum-gruen\" width=\"240\" height=\"160\"><\/a><p class=\"wp-caption-text\">c BDKJ Bundesstelle<\/p><\/div>\n<p>&nbsp;<\/p>\n<h2>Willkommen auf unserer Sonderseite zu &#8222;72-Stunden &#8211; Uns schickt der Himmel&#8220;; der Sozialaktion des Bundes der katholischen Jugend (BDKJ)<\/h2>\n<p>Ein gemeinn\u00fctziges Projekt innerhalb 72 Stunden zu stemmen &#8211; undenkbar? Falsch gedacht! F\u00fcr &#8222;St-Ex&#8220;&nbsp; trotzdem eine Herausforderung! Diese Seite wird w\u00e4hrend der Aktion fortlaufend bef\u00fcllt werden. Ziel ist es, eine onlinebasierte Dokumentation der Aktion zu haben, welche neben aktuellen Tagesberichten auch die Erlebnisse unserer Eindr\u00fccke unser Teilnehmer wiederspiegeln soll.<\/p>\n<p>Schaut ab 23. Mai immer wieder vorbei &#8211; es wird spannend!&nbsp;<\/p>\n","protected":false},"excerpt":{"rendered":"<p>&nbsp; Willkommen auf unserer Sonderseite zu &#8222;72-Stunden &#8211; Uns schickt der Himmel&#8220;; der Sozialaktion des Bundes der katholischen Jugend (BDKJ) Ein gemeinn\u00fctziges Projekt innerhalb 72 Stunden zu stemmen &#8211; undenkbar? Falsch gedacht! F\u00fcr &#8222;St-Ex&#8220;&nbsp; trotzdem eine Herausforderung! Diese Seite wird w\u00e4hrend der Aktion fortlaufend bef\u00fcllt werden. Ziel ist es, eine onlinebasierte Dokumentation der Aktion zu&#8230;<\/p>\n","protected":false},"author":3,"featured_media":0,"parent":0,"menu_order":0,"comment_status":"closed","ping_status":"closed","template":"","meta":{"ngg_post_thumbnail":0,"footnotes":""},"class_list":["post-3294","page","type-page","status-publish","hentry"],"_links":{"self":[{"href":"https:\/\/www.dpsg-ulm.de\/wordpress\/wp-json\/wp\/v2\/pages\/3294","targetHints":{"allow":["GET"]}}],"collection":[{"href":"https:\/\/www.dpsg-ulm.de\/wordpress\/wp-json\/wp\/v2\/pages"}],"about":[{"href":"https:\/\/www.dpsg-ulm.de\/wordpress\/wp-json\/wp\/v2\/types\/page"}],"author":[{"embeddable":true,"href":"https:\/\/www.dpsg-ulm.de\/wordpress\/wp-json\/wp\/v2\/users\/3"}],"replies":[{"embeddable":true,"href":"https:\/\/www.dpsg-ulm.de\/wordpress\/wp-json\/wp\/v2\/comments?post=3294"}],"version-history":[{"count":2,"href":"https:\/\/www.dpsg-ulm.de\/wordpress\/wp-json\/wp\/v2\/pages\/3294\/revisions"}],"predecessor-version":[{"id":3297,"href":"https:\/\/www.dpsg-ulm.de\/wordpress\/wp-json\/wp\/v2\/pages\/3294\/revisions\/3297"}],"wp:attachment":[{"href":"https:\/\/www.dpsg-ulm.de\/wordpress\/wp-json\/wp\/v2\/media?parent=3294"}],"curies":[{"name":"wp","href":"https:\/\/api.w.org\/{rel}","templated":true}]}}

<div style="width: 250px" class="wp-caption aligncenter"><a class="ngg-fancybox" title=" " href="https://www.dpsg-ulm.de/wordpress/wp-content/gallery/spatzenweiher/logo-72-stunden-aktion-datum-gruen.jpg" data-image-id="323" data-src="https://www.dpsg-ulm.de/wordpress/wp-content/gallery/spatzenweiher/logo-72-stunden-aktion-datum-gruen.jpg" data-thumbnail="https://www.dpsg-ulm.de/wordpress/wp-content/gallery/spatzenweiher/thumbs/thumbs_logo-72-stunden-aktion-datum-gruen.jpg" data-title="Zelte_in_Westernohe_bei_Nacht" data-description=" "><img loading="lazy" decoding="async" class="ngg-singlepic ngg-none" src="https://www.dpsg-ulm.de/wordpress/wp-content/gallery/spatzenweiher/thumbs/thumbs_logo-72-stunden-aktion-datum-gruen.jpg" alt="logo-72-stunden-aktion-datum-gruen" width="240" height="160"></a><p class="wp-caption-text">c BDKJ Bundesstelle</p></div>
<p>&nbsp;</p>
<h2>Willkommen auf unserer Sonderseite zu &#8222;72-Stunden &#8211; Uns schickt der Himmel&#8220;; der Sozialaktion des Bundes der katholischen Jugend (BDKJ)</h2>
<p>Ein gemeinnütziges Projekt innerhalb 72 Stunden zu stemmen &#8211; undenkbar? Falsch gedacht! Für &#8222;St-Ex&#8220;&nbsp; trotzdem eine Herausforderung! Diese Seite wird während der Aktion fortlaufend befüllt werden. Ziel ist es, eine onlinebasierte Dokumentation der Aktion zu haben, welche neben aktuellen Tagesberichten auch die Erlebnisse unserer Eindrücke unser Teilnehmer wiederspiegeln soll.</p>
<p>Schaut ab 23. Mai immer wieder vorbei &#8211; es wird spannend!&nbsp;</p>

<p>&nbsp; Willkommen auf unserer Sonderseite zu &#8222;72-Stunden &#8211; Uns schickt der Himmel&#8220;; der Sozialaktion des Bundes der katholischen Jugend (BDKJ) Ein gemeinnütziges Projekt innerhalb 72 Stunden zu stemmen &#8211; undenkbar? Falsch gedacht! Für &#8222;St-Ex&#8220;&nbsp; trotzdem eine Herausforderung! Diese Seite wird während der Aktion fortlaufend befüllt werden. Ziel ist es, eine onlinebasierte Dokumentation der Aktion zu&#8230;</p>
