{"id":2686,"date":"2017-12-08T04:36:14","date_gmt":"2017-12-08T03:36:14","guid":{"rendered":"http:\/\/www.dpsg-ulm.de\/wordpress\/?page_id=2686"},"modified":"2021-11-28T02:21:40","modified_gmt":"2021-11-28T01:21:40","slug":"geschichte","status":"publish","type":"page","link":"https:\/\/www.dpsg-ulm.de\/wordpress\/unser-stamm\/geschichte\/","title":{"rendered":"Geschichte"},"content":{"rendered":"<p class=\"western\"><span style=\"font-size: 12pt;\"><b>Die Historie der Ulmer DPSG-St\u00e4mme<\/b><\/span><\/p>\n<p class=\"western\"><span style=\"font-size: 12pt;\">In Ulm gab es im Laufe der Zeit schon einige St\u00e4mme der DPSG. Vor dem II. Weltkrieg waren es der Stamm \u201eUlm-West\u201c in der Pfarrei St. Elisabeth (gegr\u00fcndet durch Vikar Hillenbrand) und der Stamm \u201eUlm-Ost\u201c in der Pfarrei St. Georg (gegr\u00fcndet durch Georg M\u00fcller). Beide St\u00e4mme existieren heute allerdings nicht mehr.<\/span><\/p>\n<p class=\"western\"><span style=\"font-size: 12pt;\">W\u00e4hrend des Verbotes der Pfadfinder im Dritten Reich l\u00f6sten sich einige St\u00e4mme auf oder arbeiteten als \u201eGemeinschaft St. Georg\u201c als kirchliche Jugendgruppe im Untergrund weiter. Nach dem Krieg wurden der Stamm \u201eUlm-Ost\u201c wieder und die St\u00e4mme \u201eDon Bosco\u201c (St. Michael zu den Wengen, Innenstadt) \u201eUlm-Nord\u201c (Pfarrei St. Maria Suso, Eselsberg) und \u201eUlm-S\u00f6flingen\u201c neu gegr\u00fcndet. Bei \u201eUlm-Nord\u201c und \u201eDon Bosco\u201c war Manfred Wacker (\u201emawa\u201c, 1932 &#8211; 2012) wesentlich beteiligt. Er gr\u00fcndete auch 1976 unseren Stamm \u201eSaint-Exup\u00e9ry\u201c als zweiten Stamm (neben \u201eUlm-Ost\u201c) in der Pfarrei St. Georg. Zwei St\u00e4mme in einer Pfarrei \u2013 das war eine bundesweite Besonderheit in der DPSG, die deshalb entstand, da der Stamm \u201eUlm-Ost\u201c seinerzeit eine P\u00e4dagogik vertrat, die im Widerspruch zu Ordnung und Satzung des Verbandes stand. \u201eUlm-Ost\u201c handelte dann wie der \u201eUlmer Kuhhirt\u201c*<sup>)<\/sup>: der Stamm trat 1984 aus der DPSG aus und kam somit dem drohenden Ausschluss durch die anstehende Bundesversammlung zuvor\u2026<\/span><\/p>\n<p class=\"western\"><span style=\"font-size: 12pt;\"><b>Wie unser Stamm zu seinem Namen kam<\/b><\/span><\/p>\n<p class=\"western\"><span style=\"font-size: 12pt;\">Bis auf den Stamm \u201eDon Bosco\u201c nannten sich die Ulmer St\u00e4mme alle nach ihrer geografischen Lage: Nord, West, Ost und S\u00f6flingen. Anders der erste Pfadfindertrupp unseres Stammes: er suchte nach einem treffenden Namen, der auch Programm sein sollte. So kam er auf \u201eAntoine de Saint-Exup\u00e9ry\u201c (1900 \u2013 1944), den franz\u00f6sischen Piloten und Schriftsteller (\u201eDer kleine Prinz\u201c, \u201eWind, Sand und Sterne\u201c). Saint-Ex, wie seine Freunde ihn nannten, verk\u00f6rperte in seinem Leben und Werk viele Ideen, Haltungen und Botschaften pfadfinderischen Bewusstseins: Abenteuerlust, kulturelles Interesse, Kreativit\u00e4t, Internationalit\u00e4t, Menschlichkeit, Spiritualit\u00e4t \u2026<\/span><\/p>\n<p class=\"western\"><span style=\"font-size: 12pt;\"><b>Jungs und M\u00e4dchen im Stamm \u201eSaint-Ex\u201c<\/b><\/span><\/p>\n<p class=\"western\"><span style=\"font-size: 12pt;\">Waren bislang Frauen in der DPSG \u201enur\u201c als Leiterinnen (\u201eAkela\u201c) einer W\u00f6lflingsgruppe \u201ezul\u00e4ssig\u201c \u2013 f\u00fcr die M\u00e4dchen gab es und gibt es die PSG (\u201ePfadfinderinnenschaft Sankt Georg\u201c. Vereinigungsbestrebungen wie bei unseren evangelischen (VCP) und konfessionsfreien (BdP) Schwestern und Br\u00fcdern sind bislang am Widerstand der PSG gescheitert\u2026) \u2013 so wurden Anfang der 70er Jahre alle Altersgruppen (\u201eStufen\u201c) der DPSG auch f\u00fcr M\u00e4dchen ge\u00f6ffnet. Das f\u00fchrte dazu, dass viele St\u00e4mme in jeder Stufe parallel nun eine M\u00e4dchen- und eine Jungengruppe besa\u00dfen. <\/span><\/p>\n<p class=\"western\"><span style=\"font-size: 12pt;\">Bei uns waren, initiiert von mawa, von Anfang an in allen Klein- und Gro\u00dfgruppen M\u00e4dchen und Jungen gemeinsam zusammen. Das Programm war koedukativ gestaltet, eine geschlechtsspezifische Rollenfestlegung oder Unterscheidung fand nicht statt. (Selbstverst\u00e4ndlich gab es f\u00fcr die Geschlechter getrennte Schlafzelte\u2026)<\/span><\/p>\n<p class=\"western\"><span style=\"font-size: 12pt;\"><b>Unser Logo<\/b><\/span><\/p>\n<p class=\"western\"><span style=\"font-size: 12pt;\"><a href=\"http:\/\/www.dpsg-ulm.de\/wordpress\/wp-content\/uploads\/2017\/12\/LilieEx_orange_Homepage.jpg\" target=\"_blank\" rel=\"noopener\"><img loading=\"lazy\" decoding=\"async\" class=\"alignnone wp-image-2685 size-medium\" src=\"http:\/\/www.dpsg-ulm.de\/wordpress\/wp-content\/uploads\/2017\/12\/LilieEx_orange_Homepage-300x298.jpg\" alt=\"\" width=\"300\" height=\"298\" srcset=\"https:\/\/www.dpsg-ulm.de\/wordpress\/wp-content\/uploads\/2017\/12\/LilieEx_orange_Homepage-300x298.jpg 300w, https:\/\/www.dpsg-ulm.de\/wordpress\/wp-content\/uploads\/2017\/12\/LilieEx_orange_Homepage-150x150.jpg 150w, https:\/\/www.dpsg-ulm.de\/wordpress\/wp-content\/uploads\/2017\/12\/LilieEx_orange_Homepage-768x764.jpg 768w, https:\/\/www.dpsg-ulm.de\/wordpress\/wp-content\/uploads\/2017\/12\/LilieEx_orange_Homepage-1024x1019.jpg 1024w, https:\/\/www.dpsg-ulm.de\/wordpress\/wp-content\/uploads\/2017\/12\/LilieEx_orange_Homepage-750x746.jpg 750w, https:\/\/www.dpsg-ulm.de\/wordpress\/wp-content\/uploads\/2017\/12\/LilieEx_orange_Homepage.jpg 1384w\" sizes=\"auto, (max-width: 300px) 100vw, 300px\" \/><\/a><\/span><\/p>\n<p class=\"western\"><span style=\"font-size: 12pt;\">Unser eigenes Emblem stammt \u2013 wie k\u00f6nnte es anders sein \u2013 vom Stammesgr\u00fcnder mawa. Zwischen den Schriftz\u00fcgen \u201eDPSG\u201c (oben) und \u201eSAINT-EX\u201c (unten) findet sich eine etwas modifizierte DPSG-Lilie vor einer stilisierte Windrose. Diese kann auch \u2013 in Anspielung auf den Piloten Saint-Ex \u2013 als Flugzeug-Ring-Motor gedeutet werden.<\/span><\/p>\n<p class=\"western\"><span style=\"font-size: 12pt;\">Die Windrose wird rechts und links von einem Jungen und einem M\u00e4dchen flankiert (sog. \u201emawa-M\u00e4nnchen\u201c, f\u00fcr die er im Verband und dar\u00fcber hinaus als Karikaturist bekannt war), durch zwei Seilenden mit einem Weberknoten verbunden als Hinweis auf den Weltbund der Pfadfinderbewegung (WOSM, \u201eWorld Organisation of Scout Movement\u201c mit Sitz in Genf)<\/span><\/p>\n<p class=\"western\"><span style=\"font-size: 12pt;\">\u00dcbrigens: die Farben unseres Emblems, dunkelorange und rostrot, waren damals in den 70er Jahren des letzten Jahrhunderts, gedruckt auf orange-farbigen T-Shirts die absoluten Hingucker in einem Meer von sandfarbenen Pfadfinderuniformen (sog. \u201eKluften\u201c)\u2026<\/span><\/p>\n<p>&nbsp;<\/p>\n<p class=\"western\"><span style=\"font-size: 10pt;\">*) Die Sage vom \u201eUlmer Kuhhirt\u201c:<\/span><\/p>\n<p class=\"western\"><span style=\"font-size: 10pt;\">Einst versah der Kuhhirt der freien Reichsstadt Ulm sein Amt so l\u00e4ssig und liederlich, dass der Stadtrat beabsichtigte, ihn abzusetzen. Doch der Kuhhirt h\u00f6rte an der Rathaust\u00fcr, als dieser Beschluss gefasst werden sollte. Er begab dich schnell ins Ratszimmer, um seiner Entlassung zuvor zu kommen und verlangte seinen Abschied. Dem verdutzten Rat blieb nichts anderes \u00fcbrig als anzunehmen. Er musste ihm auch noch ein Abschiedsgeld zahlen\u2026<\/span><\/p>\n<p class=\"western\" align=\"right\"><span style=\"font-size: 12pt;\">Text: Thomas Hartmann, 05.12.2017<\/span><\/p>\n<p style=\"text-align: left;\" align=\"right\">Wolltet ihr schon immer wissen, wie unser Stamm zu seinen R\u00e4umen kam? Dann schaut einmal hier:<\/p>\n<p style=\"text-align: left;\" align=\"right\"><div class='w3eden'><!-- WPDM Link Template: Default Template -->\n\n<div class=\"link-template-default card mb-2\">\n    <div class=\"card-body\">\n        <div class=\"media\">\n            <div class=\"mr-3 img-48\"><img decoding=\"async\" class=\"wpdm_icon\" alt=\"Icon\"   src=\"https:\/\/www.dpsg-ulm.de\/wordpress\/wp-content\/plugins\/download-manager\/assets\/file-type-icons\/pdf.png\" \/><\/div>\n            <div class=\"media-body\">\n                <h3 class=\"package-title\"><a href='https:\/\/www.dpsg-ulm.de\/wordpress\/download\/wie-unser-stamm-zu-seinem-pfadfinderheim-im-reduit-des-forts-albeck-kam-von-tommy-hartmann-oktober-2021\/'>Wie unser Stamm zu seinem Pfadfinderheim im Reduit des Forts Albeck kam (von Tommy Hartmann +2026) Oktober 2021<\/a><\/h3>\n                <div class=\"text-muted text-small\"><i class=\"fas fa-copy\"><\/i> 1 Datei(en) <i class=\"fas fa-hdd ml-3\"><\/i> 448 kB<\/div>\n            <\/div>\n            <div class=\"ml-3\">\n                <a class='wpdm-download-link download-on-click btn btn-primary ' rel='nofollow' href='#' data-downloadurl=\"https:\/\/www.dpsg-ulm.de\/wordpress\/download\/wie-unser-stamm-zu-seinem-pfadfinderheim-im-reduit-des-forts-albeck-kam-von-tommy-hartmann-oktober-2021\/?wpdmdl=4099&refresh=69f447d0526f51777616848\">Download<\/a>\n            <\/div>\n        <\/div>\n    <\/div>\n<\/div>\n\n<\/div>\n","protected":false},"excerpt":{"rendered":"<p>Die Historie der Ulmer DPSG-St\u00e4mme In Ulm gab es im Laufe der Zeit schon einige St\u00e4mme der DPSG. Vor dem II. Weltkrieg waren es der Stamm \u201eUlm-West\u201c in der Pfarrei St. Elisabeth (gegr\u00fcndet durch Vikar Hillenbrand) und der Stamm \u201eUlm-Ost\u201c in der Pfarrei St. Georg (gegr\u00fcndet durch Georg M\u00fcller). Beide St\u00e4mme existieren heute allerdings nicht&#8230;<\/p>\n","protected":false},"author":3,"featured_media":0,"parent":104,"menu_order":0,"comment_status":"closed","ping_status":"closed","template":"","meta":{"ngg_post_thumbnail":0,"footnotes":""},"class_list":["post-2686","page","type-page","status-publish","hentry"],"_links":{"self":[{"href":"https:\/\/www.dpsg-ulm.de\/wordpress\/wp-json\/wp\/v2\/pages\/2686","targetHints":{"allow":["GET"]}}],"collection":[{"href":"https:\/\/www.dpsg-ulm.de\/wordpress\/wp-json\/wp\/v2\/pages"}],"about":[{"href":"https:\/\/www.dpsg-ulm.de\/wordpress\/wp-json\/wp\/v2\/types\/page"}],"author":[{"embeddable":true,"href":"https:\/\/www.dpsg-ulm.de\/wordpress\/wp-json\/wp\/v2\/users\/3"}],"replies":[{"embeddable":true,"href":"https:\/\/www.dpsg-ulm.de\/wordpress\/wp-json\/wp\/v2\/comments?post=2686"}],"version-history":[{"count":4,"href":"https:\/\/www.dpsg-ulm.de\/wordpress\/wp-json\/wp\/v2\/pages\/2686\/revisions"}],"predecessor-version":[{"id":4131,"href":"https:\/\/www.dpsg-ulm.de\/wordpress\/wp-json\/wp\/v2\/pages\/2686\/revisions\/4131"}],"up":[{"embeddable":true,"href":"https:\/\/www.dpsg-ulm.de\/wordpress\/wp-json\/wp\/v2\/pages\/104"}],"wp:attachment":[{"href":"https:\/\/www.dpsg-ulm.de\/wordpress\/wp-json\/wp\/v2\/media?parent=2686"}],"curies":[{"name":"wp","href":"https:\/\/api.w.org\/{rel}","templated":true}]}}

<p class="western"><span style="font-size: 12pt;"><b>Die Historie der Ulmer DPSG-Stämme</b></span></p>
<p class="western"><span style="font-size: 12pt;">In Ulm gab es im Laufe der Zeit schon einige Stämme der DPSG. Vor dem II. Weltkrieg waren es der Stamm „Ulm-West“ in der Pfarrei St. Elisabeth (gegründet durch Vikar Hillenbrand) und der Stamm „Ulm-Ost“ in der Pfarrei St. Georg (gegründet durch Georg Müller). Beide Stämme existieren heute allerdings nicht mehr.</span></p>
<p class="western"><span style="font-size: 12pt;">Während des Verbotes der Pfadfinder im Dritten Reich lösten sich einige Stämme auf oder arbeiteten als „Gemeinschaft St. Georg“ als kirchliche Jugendgruppe im Untergrund weiter. Nach dem Krieg wurden der Stamm „Ulm-Ost“ wieder und die Stämme „Don Bosco“ (St. Michael zu den Wengen, Innenstadt) „Ulm-Nord“ (Pfarrei St. Maria Suso, Eselsberg) und „Ulm-Söflingen“ neu gegründet. Bei „Ulm-Nord“ und „Don Bosco“ war Manfred Wacker („mawa“, 1932 &#8211; 2012) wesentlich beteiligt. Er gründete auch 1976 unseren Stamm „Saint-Exupéry“ als zweiten Stamm (neben „Ulm-Ost“) in der Pfarrei St. Georg. Zwei Stämme in einer Pfarrei – das war eine bundesweite Besonderheit in der DPSG, die deshalb entstand, da der Stamm „Ulm-Ost“ seinerzeit eine Pädagogik vertrat, die im Widerspruch zu Ordnung und Satzung des Verbandes stand. „Ulm-Ost“ handelte dann wie der „Ulmer Kuhhirt“*<sup>)</sup>: der Stamm trat 1984 aus der DPSG aus und kam somit dem drohenden Ausschluss durch die anstehende Bundesversammlung zuvor…</span></p>
<p class="western"><span style="font-size: 12pt;"><b>Wie unser Stamm zu seinem Namen kam</b></span></p>
<p class="western"><span style="font-size: 12pt;">Bis auf den Stamm „Don Bosco“ nannten sich die Ulmer Stämme alle nach ihrer geografischen Lage: Nord, West, Ost und Söflingen. Anders der erste Pfadfindertrupp unseres Stammes: er suchte nach einem treffenden Namen, der auch Programm sein sollte. So kam er auf „Antoine de Saint-Exupéry“ (1900 – 1944), den französischen Piloten und Schriftsteller („Der kleine Prinz“, „Wind, Sand und Sterne“). Saint-Ex, wie seine Freunde ihn nannten, verkörperte in seinem Leben und Werk viele Ideen, Haltungen und Botschaften pfadfinderischen Bewusstseins: Abenteuerlust, kulturelles Interesse, Kreativität, Internationalität, Menschlichkeit, Spiritualität …</span></p>
<p class="western"><span style="font-size: 12pt;"><b>Jungs und Mädchen im Stamm „Saint-Ex“</b></span></p>
<p class="western"><span style="font-size: 12pt;">Waren bislang Frauen in der DPSG „nur“ als Leiterinnen („Akela“) einer Wölflingsgruppe „zulässig“ – für die Mädchen gab es und gibt es die PSG („Pfadfinderinnenschaft Sankt Georg“. Vereinigungsbestrebungen wie bei unseren evangelischen (VCP) und konfessionsfreien (BdP) Schwestern und Brüdern sind bislang am Widerstand der PSG gescheitert…) – so wurden Anfang der 70er Jahre alle Altersgruppen („Stufen“) der DPSG auch für Mädchen geöffnet. Das führte dazu, dass viele Stämme in jeder Stufe parallel nun eine Mädchen- und eine Jungengruppe besaßen. </span></p>
<p class="western"><span style="font-size: 12pt;">Bei uns waren, initiiert von mawa, von Anfang an in allen Klein- und Großgruppen Mädchen und Jungen gemeinsam zusammen. Das Programm war koedukativ gestaltet, eine geschlechtsspezifische Rollenfestlegung oder Unterscheidung fand nicht statt. (Selbstverständlich gab es für die Geschlechter getrennte Schlafzelte…)</span></p>
<p class="western"><span style="font-size: 12pt;"><b>Unser Logo</b></span></p>
<p class="western"><span style="font-size: 12pt;"><a href="http://www.dpsg-ulm.de/wordpress/wp-content/uploads/2017/12/LilieEx_orange_Homepage.jpg" target="_blank" rel="noopener"><img loading="lazy" decoding="async" class="alignnone wp-image-2685 size-medium" src="http://www.dpsg-ulm.de/wordpress/wp-content/uploads/2017/12/LilieEx_orange_Homepage-300x298.jpg" alt="" width="300" height="298" srcset="https://www.dpsg-ulm.de/wordpress/wp-content/uploads/2017/12/LilieEx_orange_Homepage-300x298.jpg 300w, https://www.dpsg-ulm.de/wordpress/wp-content/uploads/2017/12/LilieEx_orange_Homepage-150x150.jpg 150w, https://www.dpsg-ulm.de/wordpress/wp-content/uploads/2017/12/LilieEx_orange_Homepage-768x764.jpg 768w, https://www.dpsg-ulm.de/wordpress/wp-content/uploads/2017/12/LilieEx_orange_Homepage-1024x1019.jpg 1024w, https://www.dpsg-ulm.de/wordpress/wp-content/uploads/2017/12/LilieEx_orange_Homepage-750x746.jpg 750w, https://www.dpsg-ulm.de/wordpress/wp-content/uploads/2017/12/LilieEx_orange_Homepage.jpg 1384w" sizes="auto, (max-width: 300px) 100vw, 300px" /></a></span></p>
<p class="western"><span style="font-size: 12pt;">Unser eigenes Emblem stammt – wie könnte es anders sein – vom Stammesgründer mawa. Zwischen den Schriftzügen „DPSG“ (oben) und „SAINT-EX“ (unten) findet sich eine etwas modifizierte DPSG-Lilie vor einer stilisierte Windrose. Diese kann auch – in Anspielung auf den Piloten Saint-Ex – als Flugzeug-Ring-Motor gedeutet werden.</span></p>
<p class="western"><span style="font-size: 12pt;">Die Windrose wird rechts und links von einem Jungen und einem Mädchen flankiert (sog. „mawa-Männchen“, für die er im Verband und darüber hinaus als Karikaturist bekannt war), durch zwei Seilenden mit einem Weberknoten verbunden als Hinweis auf den Weltbund der Pfadfinderbewegung (WOSM, „World Organisation of Scout Movement“ mit Sitz in Genf)</span></p>
<p class="western"><span style="font-size: 12pt;">Übrigens: die Farben unseres Emblems, dunkelorange und rostrot, waren damals in den 70er Jahren des letzten Jahrhunderts, gedruckt auf orange-farbigen T-Shirts die absoluten Hingucker in einem Meer von sandfarbenen Pfadfinderuniformen (sog. „Kluften“)…</span></p>
<p>&nbsp;</p>
<p class="western"><span style="font-size: 10pt;">*) Die Sage vom „Ulmer Kuhhirt“:</span></p>
<p class="western"><span style="font-size: 10pt;">Einst versah der Kuhhirt der freien Reichsstadt Ulm sein Amt so lässig und liederlich, dass der Stadtrat beabsichtigte, ihn abzusetzen. Doch der Kuhhirt hörte an der Rathaustür, als dieser Beschluss gefasst werden sollte. Er begab dich schnell ins Ratszimmer, um seiner Entlassung zuvor zu kommen und verlangte seinen Abschied. Dem verdutzten Rat blieb nichts anderes übrig als anzunehmen. Er musste ihm auch noch ein Abschiedsgeld zahlen…</span></p>
<p class="western" align="right"><span style="font-size: 12pt;">Text: Thomas Hartmann, 05.12.2017</span></p>
<p style="text-align: left;" align="right">Wolltet ihr schon immer wissen, wie unser Stamm zu seinen Räumen kam? Dann schaut einmal hier:</p>
<p style="text-align: left;" align="right"><div class='w3eden'><!-- WPDM Link Template: Default Template -->

<div class="link-template-default card mb-2">
    <div class="card-body">
        <div class="media">
            <div class="mr-3 img-48"><img decoding="async" class="wpdm_icon" alt="Icon"   src="https://www.dpsg-ulm.de/wordpress/wp-content/plugins/download-manager/assets/file-type-icons/pdf.png" /></div>
            <div class="media-body">
                <h3 class="package-title"><a href='https://www.dpsg-ulm.de/wordpress/download/wie-unser-stamm-zu-seinem-pfadfinderheim-im-reduit-des-forts-albeck-kam-von-tommy-hartmann-oktober-2021/'>Wie unser Stamm zu seinem Pfadfinderheim im Reduit des Forts Albeck kam (von Tommy Hartmann +2026) Oktober 2021</a></h3>
                <div class="text-muted text-small"><i class="fas fa-copy"></i> 1 Datei(en) <i class="fas fa-hdd ml-3"></i> 448 kB</div>
            </div>
            <div class="ml-3">
                <a class='wpdm-download-link download-on-click btn btn-primary ' rel='nofollow' href='#' data-downloadurl="https://www.dpsg-ulm.de/wordpress/download/wie-unser-stamm-zu-seinem-pfadfinderheim-im-reduit-des-forts-albeck-kam-von-tommy-hartmann-oktober-2021/?wpdmdl=4099&refresh=69f447d0526f51777616848">Download</a>
            </div>
        </div>
    </div>
</div>

</div>

<p>Die Historie der Ulmer DPSG-Stämme In Ulm gab es im Laufe der Zeit schon einige Stämme der DPSG. Vor dem II. Weltkrieg waren es der Stamm „Ulm-West“ in der Pfarrei St. Elisabeth (gegründet durch Vikar Hillenbrand) und der Stamm „Ulm-Ost“ in der Pfarrei St. Georg (gegründet durch Georg Müller). Beide Stämme existieren heute allerdings nicht&#8230;</p>
