{"id":106,"date":"2013-06-26T19:27:19","date_gmt":"2013-06-26T17:27:19","guid":{"rendered":"http:\/\/www.dpsgulm.phibro.de\/wordpress\/?page_id=106"},"modified":"2024-06-28T22:29:26","modified_gmt":"2024-06-28T20:29:26","slug":"kontakt","status":"publish","type":"page","link":"https:\/\/www.dpsg-ulm.de\/wordpress\/kontakt\/","title":{"rendered":"Kontakt"},"content":{"rendered":"Deutsche Pfadfinderschaft Sankt Georg\r\nStamm Saint-Exup\u00e9ry Ulm\r\nFort Albeck 14\r\n89075 Ulm\r\n\r\n<a href=\"http:\/\/www.dpsg-ulm.de\/wordpress\/fort-albeck-unser-quartier\/\">Anfahrt<\/a>\r\n\r\n<hr>\r\n\r\nStammesvorstand:\r\n\r\n<strong>Andreas Schairer (Stammesvorsitzender)\r\nSimon Berlec (Stammesvorsitzender)\r\n<\/strong><span class=\"_5yl5\"> Tel.: 07308 4091372\r\n<\/span> vorstand bei der Domain dpsg-ulm punkt de. (Bitte &#8222;bei der Domain&#8220; durch @ und &#8222;punkt&#8220; durch . ersetzen, dient der Spam-Abwehr!)\r\n\r\n<hr>\r\n\r\nPresse-und \u00d6ffentlichkeitsarbeit, Administration dpsg-ulm.de\r\n\r\n<strong>Christian Pubanz <\/strong>\r\nTel.: 01577 &#8211; 4054407\r\npresse-oeffentlichkeitsarbeit bei der Domain dpsg-ulm punkt de. (Bitte &#8222;bei der Domain&#8220; durch @ und &#8222;punkt&#8220; durch . ersetzen, dient der Spam-Abwehr!) durch . ersetzen, dient der Spam-Abwehr!)\r\n\r\n<strong>Buchungsanfragen bez\u00fcglich des &#8222;Spatzenweihers&#8220; bitte \u00fcber unser <a href=\"https:\/\/www.dpsg-ulm.de\/wordpress\/spatzenweiher\/weiherbelegung\/\">Buchungsformular<\/a> stellen.\r\n<\/strong>\r\n\r\n<strong><span style=\"color: #ff0000;\">Unsere R\u00e4umlichkeiten (Fort Albeck) werden grunds\u00e4tzlich nicht an Dritte vermietet. Anfragen dieser Art werden von uns ignoriert. Gleiches gilt f\u00fcr Material (wie Zelte, Boote, Werkzeug etc.).\r\n<\/span><\/strong>\r\n\r\n<!-- \/wp:post-content -->","protected":false},"excerpt":{"rendered":"<p>Deutsche Pfadfinderschaft Sankt Georg Stamm Saint-Exup\u00e9ry Ulm Fort Albeck 14 89075 Ulm Anfahrt Stammesvorstand: Andreas Schairer (Stammesvorsitzender) Simon Berlec (Stammesvorsitzender) Tel.: 07308 4091372 vorstand bei der Domain dpsg-ulm punkt de. (Bitte &#8222;bei der Domain&#8220; durch @ und &#8222;punkt&#8220; durch . ersetzen, dient der Spam-Abwehr!) Presse-und \u00d6ffentlichkeitsarbeit, Administration dpsg-ulm.de Christian Pubanz Tel.: 01577 &#8211; 4054407 presse-oeffentlichkeitsarbeit&#8230;<\/p>\n","protected":false},"author":3,"featured_media":0,"parent":0,"menu_order":6,"comment_status":"closed","ping_status":"closed","template":"","meta":{"ngg_post_thumbnail":0,"footnotes":""},"class_list":["post-106","page","type-page","status-publish","hentry"],"_links":{"self":[{"href":"https:\/\/www.dpsg-ulm.de\/wordpress\/wp-json\/wp\/v2\/pages\/106","targetHints":{"allow":["GET"]}}],"collection":[{"href":"https:\/\/www.dpsg-ulm.de\/wordpress\/wp-json\/wp\/v2\/pages"}],"about":[{"href":"https:\/\/www.dpsg-ulm.de\/wordpress\/wp-json\/wp\/v2\/types\/page"}],"author":[{"embeddable":true,"href":"https:\/\/www.dpsg-ulm.de\/wordpress\/wp-json\/wp\/v2\/users\/3"}],"replies":[{"embeddable":true,"href":"https:\/\/www.dpsg-ulm.de\/wordpress\/wp-json\/wp\/v2\/comments?post=106"}],"version-history":[{"count":31,"href":"https:\/\/www.dpsg-ulm.de\/wordpress\/wp-json\/wp\/v2\/pages\/106\/revisions"}],"predecessor-version":[{"id":4627,"href":"https:\/\/www.dpsg-ulm.de\/wordpress\/wp-json\/wp\/v2\/pages\/106\/revisions\/4627"}],"wp:attachment":[{"href":"https:\/\/www.dpsg-ulm.de\/wordpress\/wp-json\/wp\/v2\/media?parent=106"}],"curies":[{"name":"wp","href":"https:\/\/api.w.org\/{rel}","templated":true}]}}

Deutsche Pfadfinderschaft Sankt Georg
Stamm Saint-Exupéry Ulm
Fort Albeck 14
89075 Ulm

<a href="http://www.dpsg-ulm.de/wordpress/fort-albeck-unser-quartier/">Anfahrt</a>

<hr>

Stammesvorstand:

<strong>Andreas Schairer (Stammesvorsitzender)
Simon Berlec (Stammesvorsitzender)
</strong><span class="_5yl5"> Tel.: 07308 4091372
</span> vorstand bei der Domain dpsg-ulm punkt de. (Bitte &#8222;bei der Domain&#8220; durch @ und &#8222;punkt&#8220; durch . ersetzen, dient der Spam-Abwehr!)

<hr>

Presse-und Öffentlichkeitsarbeit, Administration dpsg-ulm.de

<strong>Christian Pubanz </strong>
Tel.: 01577 &#8211; 4054407
presse-oeffentlichkeitsarbeit bei der Domain dpsg-ulm punkt de. (Bitte &#8222;bei der Domain&#8220; durch @ und &#8222;punkt&#8220; durch . ersetzen, dient der Spam-Abwehr!) durch . ersetzen, dient der Spam-Abwehr!)

<strong>Buchungsanfragen bezüglich des &#8222;Spatzenweihers&#8220; bitte über unser <a href="https://www.dpsg-ulm.de/wordpress/spatzenweiher/weiherbelegung/">Buchungsformular</a> stellen.
</strong>

<strong><span style="color: #ff0000;">Unsere Räumlichkeiten (Fort Albeck) werden grundsätzlich nicht an Dritte vermietet. Anfragen dieser Art werden von uns ignoriert. Gleiches gilt für Material (wie Zelte, Boote, Werkzeug etc.).
</span></strong>

<!-- /wp:post-content -->

<p>Deutsche Pfadfinderschaft Sankt Georg Stamm Saint-Exupéry Ulm Fort Albeck 14 89075 Ulm Anfahrt Stammesvorstand: Andreas Schairer (Stammesvorsitzender) Simon Berlec (Stammesvorsitzender) Tel.: 07308 4091372 vorstand bei der Domain dpsg-ulm punkt de. (Bitte &#8222;bei der Domain&#8220; durch @ und &#8222;punkt&#8220; durch . ersetzen, dient der Spam-Abwehr!) Presse-und Öffentlichkeitsarbeit, Administration dpsg-ulm.de Christian Pubanz Tel.: 01577 &#8211; 4054407 presse-oeffentlichkeitsarbeit&#8230;</p>
