{"id":104,"date":"2013-06-26T19:25:05","date_gmt":"2013-06-26T17:25:05","guid":{"rendered":"http:\/\/www.dpsgulm.phibro.de\/wordpress\/?page_id=104"},"modified":"2023-10-20T19:12:29","modified_gmt":"2023-10-20T17:12:29","slug":"unser-stamm","status":"publish","type":"page","link":"https:\/\/www.dpsg-ulm.de\/wordpress\/unser-stamm\/","title":{"rendered":"Unser Stamm"},"content":{"rendered":"<p><img loading=\"lazy\" decoding=\"async\" class=\"alignleft wp-image-3751 size-full\" src=\"https:\/\/www.dpsg-ulm.de\/wordpress\/wp-content\/uploads\/2020\/04\/logo3-1.png\" alt=\"\" width=\"290\" height=\"187\">Wir geh\u00f6ren zur <a href=\"http:\/\/www.dpsg.de\" target=\"_blank\" rel=\"noopener noreferrer\"><strong>DPSG<\/strong><\/a>; der Deutschen Pfadfinderschaft Sankt Georg, dem Zusammenschluss der katholischen Pfadfinderinnen und Pfadfinder in Deutschland mit ca. 95.000 Mitgliedern. Die konfessionelle Einbindung ist eher traditionell bedingt, nat\u00fcrlich sind wir offen auch f\u00fcr alle, die einem anderen Bekenntnis angeh\u00f6ren.<\/p>\n<p>Sitz unseres Stammes ist die <strong><a href=\"https:\/\/katholische-kirche-ulm-mitte-ost.de\/st-georg-2\/\" target=\"_blank\" rel=\"noopener noreferrer\">Pfarrei St. Georg<\/a> <\/strong>, unser Pfadfinderheim ist im Reduitgeb\u00e4ude des <a href=\"http:\/\/www.dpsg-ulm.de\/wordpress\/fort-albeck-unser-quartier\/\"><strong>Fort Albeck<\/strong><\/a> am Safranberg, wo wir in selbst ausgebauten und gestalteten R\u00e4umen der alten Bundesfestung Ulm all das tun und lassen k\u00f6nnen, was uns in den Sinn kommt.<\/p>\n","protected":false},"excerpt":{"rendered":"<p>Wir geh\u00f6ren zur DPSG; der Deutschen Pfadfinderschaft Sankt Georg, dem Zusammenschluss der katholischen Pfadfinderinnen und Pfadfinder in Deutschland mit ca. 95.000 Mitgliedern. Die konfessionelle Einbindung ist eher traditionell bedingt, nat\u00fcrlich sind wir offen auch f\u00fcr alle, die einem anderen Bekenntnis angeh\u00f6ren. Sitz unseres Stammes ist die Pfarrei St. Georg , unser Pfadfinderheim ist im Reduitgeb\u00e4ude&#8230;<\/p>\n","protected":false},"author":3,"featured_media":0,"parent":0,"menu_order":0,"comment_status":"closed","ping_status":"closed","template":"","meta":{"ngg_post_thumbnail":0,"footnotes":""},"class_list":["post-104","page","type-page","status-publish","hentry"],"_links":{"self":[{"href":"https:\/\/www.dpsg-ulm.de\/wordpress\/wp-json\/wp\/v2\/pages\/104","targetHints":{"allow":["GET"]}}],"collection":[{"href":"https:\/\/www.dpsg-ulm.de\/wordpress\/wp-json\/wp\/v2\/pages"}],"about":[{"href":"https:\/\/www.dpsg-ulm.de\/wordpress\/wp-json\/wp\/v2\/types\/page"}],"author":[{"embeddable":true,"href":"https:\/\/www.dpsg-ulm.de\/wordpress\/wp-json\/wp\/v2\/users\/3"}],"replies":[{"embeddable":true,"href":"https:\/\/www.dpsg-ulm.de\/wordpress\/wp-json\/wp\/v2\/comments?post=104"}],"version-history":[{"count":10,"href":"https:\/\/www.dpsg-ulm.de\/wordpress\/wp-json\/wp\/v2\/pages\/104\/revisions"}],"predecessor-version":[{"id":2656,"href":"https:\/\/www.dpsg-ulm.de\/wordpress\/wp-json\/wp\/v2\/pages\/104\/revisions\/2656"}],"wp:attachment":[{"href":"https:\/\/www.dpsg-ulm.de\/wordpress\/wp-json\/wp\/v2\/media?parent=104"}],"curies":[{"name":"wp","href":"https:\/\/api.w.org\/{rel}","templated":true}]}}

<p><img loading="lazy" decoding="async" class="alignleft wp-image-3751 size-full" src="https://www.dpsg-ulm.de/wordpress/wp-content/uploads/2020/04/logo3-1.png" alt="" width="290" height="187">Wir gehören zur <a href="http://www.dpsg.de" target="_blank" rel="noopener noreferrer"><strong>DPSG</strong></a>; der Deutschen Pfadfinderschaft Sankt Georg, dem Zusammenschluss der katholischen Pfadfinderinnen und Pfadfinder in Deutschland mit ca. 95.000 Mitgliedern. Die konfessionelle Einbindung ist eher traditionell bedingt, natürlich sind wir offen auch für alle, die einem anderen Bekenntnis angehören.</p>
<p>Sitz unseres Stammes ist die <strong><a href="https://katholische-kirche-ulm-mitte-ost.de/st-georg-2/" target="_blank" rel="noopener noreferrer">Pfarrei St. Georg</a> </strong>, unser Pfadfinderheim ist im Reduitgebäude des <a href="http://www.dpsg-ulm.de/wordpress/fort-albeck-unser-quartier/"><strong>Fort Albeck</strong></a> am Safranberg, wo wir in selbst ausgebauten und gestalteten Räumen der alten Bundesfestung Ulm all das tun und lassen können, was uns in den Sinn kommt.</p>

<p>Wir gehören zur DPSG; der Deutschen Pfadfinderschaft Sankt Georg, dem Zusammenschluss der katholischen Pfadfinderinnen und Pfadfinder in Deutschland mit ca. 95.000 Mitgliedern. Die konfessionelle Einbindung ist eher traditionell bedingt, natürlich sind wir offen auch für alle, die einem anderen Bekenntnis angehören. Sitz unseres Stammes ist die Pfarrei St. Georg , unser Pfadfinderheim ist im Reduitgebäude&#8230;</p>
